Last updated on 2025-05-03 21:51:19 CEST.
Flavor | Version | Tinstall | Tcheck | Ttotal | Status | Flags |
---|---|---|---|---|---|---|
r-devel-linux-x86_64-debian-clang | 0.2.0 | 8.53 | 33.92 | 42.45 | NOTE | |
r-devel-linux-x86_64-debian-gcc | 0.2.0 | 5.22 | 25.26 | 30.48 | NOTE | |
r-devel-linux-x86_64-fedora-clang | 0.2.0 | 59.40 | OK | |||
r-devel-linux-x86_64-fedora-gcc | 0.2.0 | 73.49 | OK | |||
r-devel-windows-x86_64 | 0.2.0 | 6.00 | 58.00 | 64.00 | OK | |
r-patched-linux-x86_64 | 0.2.0 | 7.89 | 32.50 | 40.39 | OK | |
r-release-linux-x86_64 | OK | |||||
r-release-macos-arm64 | 0.2.0 | 70.00 | OK | |||
r-release-macos-x86_64 | 0.2.0 | 53.00 | OK | |||
r-release-windows-x86_64 | 0.2.0 | 6.00 | 54.00 | 60.00 | OK | |
r-oldrel-macos-arm64 | 0.2.0 | 33.00 | OK | |||
r-oldrel-macos-x86_64 | 0.2.0 | 45.00 | OK | |||
r-oldrel-windows-x86_64 | 0.2.0 | 7.00 | 64.00 | 71.00 | OK |
Version: 0.2.0
Check: CRAN incoming feasibility
Result: NOTE
Maintainer: ‘Lerato E Magosi <magosil86@gmail.com>’
Package CITATION file contains call(s) to old-style personList() or
as.personList(). Please use c() on person objects instead.
Package CITATION file contains call(s) to old-style citEntry(). Please
use bibentry() instead.
Flavors: r-devel-linux-x86_64-debian-clang, r-devel-linux-x86_64-debian-gcc