Last updated on 2025-05-03 21:51:19 CEST.
Flavor | Version | Tinstall | Tcheck | Ttotal | Status | Flags |
---|---|---|---|---|---|---|
r-devel-linux-x86_64-debian-clang | 0.1.12 | 9.66 | 72.77 | 82.43 | OK | |
r-devel-linux-x86_64-debian-gcc | 0.1.12 | 6.20 | 53.85 | 60.05 | OK | |
r-devel-linux-x86_64-fedora-clang | 0.1.12 | 111.17 | NOTE | |||
r-devel-linux-x86_64-fedora-gcc | 0.1.12 | 144.67 | NOTE | |||
r-devel-windows-x86_64 | 0.1.12 | 10.00 | 93.00 | 103.00 | OK | |
r-patched-linux-x86_64 | 0.1.12 | 7.80 | 68.37 | 76.17 | OK | |
r-release-linux-x86_64 | OK | |||||
r-release-macos-arm64 | 0.1.12 | 43.00 | OK | |||
r-release-macos-x86_64 | 0.1.12 | 88.00 | OK | |||
r-release-windows-x86_64 | 0.1.12 | 12.00 | 92.00 | 104.00 | OK | |
r-oldrel-macos-arm64 | 0.1.12 | 39.00 | OK | |||
r-oldrel-macos-x86_64 | 0.1.12 | 62.00 | OK | |||
r-oldrel-windows-x86_64 | 0.1.12 | 13.00 | 113.00 | 126.00 | OK |
Version: 0.1.12
Check: dependencies in R code
Result: NOTE
Namespaces in Imports field not imported from:
‘googlesheets4’ ‘tidyr’
All declared Imports should be used.
Flavors: r-devel-linux-x86_64-fedora-clang, r-devel-linux-x86_64-fedora-gcc