Last updated on 2025-05-03 21:51:19 CEST.
Flavor | Version | Tinstall | Tcheck | Ttotal | Status | Flags |
---|---|---|---|---|---|---|
r-devel-linux-x86_64-debian-clang | 0.10.1 | 5.41 | 52.63 | 58.04 | NOTE | |
r-devel-linux-x86_64-debian-gcc | 0.10.1 | 3.84 | 40.58 | 44.42 | NOTE | |
r-devel-linux-x86_64-fedora-clang | 0.10.1 | 92.38 | NOTE | |||
r-devel-linux-x86_64-fedora-gcc | 0.10.1 | 106.64 | NOTE | |||
r-devel-windows-x86_64 | 0.10.1 | 6.00 | 76.00 | 82.00 | OK | |
r-patched-linux-x86_64 | 0.10.1 | 5.26 | 50.84 | 56.10 | NOTE | |
r-release-linux-x86_64 | NOTE | |||||
r-release-macos-arm64 | 0.10.1 | 48.00 | OK | |||
r-release-macos-x86_64 | 0.10.1 | 84.00 | OK | |||
r-release-windows-x86_64 | 0.10.1 | 7.00 | 73.00 | 80.00 | OK | |
r-oldrel-macos-arm64 | 0.10.1 | 37.00 | OK | |||
r-oldrel-macos-x86_64 | 0.10.1 | 67.00 | OK | |||
r-oldrel-windows-x86_64 | 0.10.1 | 9.00 | 86.00 | 95.00 | OK |
Version: 0.10.1
Check: R code for possible problems
Result: NOTE
Found the following assignments to the global environment:
File ‘ggExtra/R/ggMarginalGadget.R’:
assign(plotname, eval(parse(text = origPlot)), envir = .GlobalEnv)
Flavors: r-devel-linux-x86_64-debian-clang, r-devel-linux-x86_64-debian-gcc, r-devel-linux-x86_64-fedora-clang, r-patched-linux-x86_64, r-release-linux-x86_64
Version: 0.10.1
Check: dependencies in R code
Result: NOTE
Namespaces in Imports field not imported from:
‘R6’ ‘scales’ ‘utils’
All declared Imports should be used.
Flavors: r-devel-linux-x86_64-fedora-clang, r-devel-linux-x86_64-fedora-gcc