Last updated on 2025-05-03 21:51:19 CEST.
Flavor | Version | Tinstall | Tcheck | Ttotal | Status | Flags |
---|---|---|---|---|---|---|
r-devel-linux-x86_64-debian-clang | 0.1.5 | 6.08 | 48.60 | 54.68 | NOTE | |
r-devel-linux-x86_64-debian-gcc | 0.1.5 | 4.74 | 35.75 | 40.49 | NOTE | |
r-devel-linux-x86_64-fedora-clang | 0.1.5 | 83.76 | OK | |||
r-devel-linux-x86_64-fedora-gcc | 0.1.5 | 89.22 | OK | |||
r-devel-windows-x86_64 | 0.1.5 | 9.00 | 62.00 | 71.00 | OK | |
r-patched-linux-x86_64 | 0.1.5 | 6.09 | 45.89 | 51.98 | OK | |
r-release-linux-x86_64 | OK | |||||
r-release-macos-arm64 | 0.1.5 | 45.00 | OK | |||
r-release-macos-x86_64 | 0.1.5 | 58.00 | OK | |||
r-release-windows-x86_64 | 0.1.5 | 8.00 | 61.00 | 69.00 | OK | |
r-oldrel-macos-arm64 | 0.1.5 | 30.00 | NOTE | |||
r-oldrel-macos-x86_64 | 0.1.5 | 47.00 | NOTE | |||
r-oldrel-windows-x86_64 | 0.1.5 | 10.00 | 75.00 | 85.00 | NOTE |
Version: 0.1.5
Check: CRAN incoming feasibility
Result: NOTE
Maintainer: ‘Calli Gross <ggthemeassist@icloud.com>’
No Authors@R field in DESCRIPTION.
Please add one, modifying
Authors@R: c(person(given = "Calli",
family = "Gross",
role = c("aut", "cre"),
email = "ggthemeassist@icloud.com"),
person(given = "Philipp",
family = "Ottolinger",
role = c("aut", "ctb")))
as necessary.
Flavors: r-devel-linux-x86_64-debian-clang, r-devel-linux-x86_64-debian-gcc
Version: 0.1.5
Check: LazyData
Result: NOTE
'LazyData' is specified without a 'data' directory
Flavors: r-oldrel-macos-arm64, r-oldrel-macos-x86_64, r-oldrel-windows-x86_64