Last updated on 2025-05-03 21:51:19 CEST.
Flavor | Version | Tinstall | Tcheck | Ttotal | Status | Flags |
---|---|---|---|---|---|---|
r-devel-linux-x86_64-debian-clang | 1.0.2 | 6.04 | 66.55 | 72.59 | NOTE | |
r-devel-linux-x86_64-debian-gcc | 1.0.2 | 4.30 | 49.34 | 53.64 | NOTE | |
r-devel-linux-x86_64-fedora-clang | 1.0.2 | 102.31 | NOTE | |||
r-devel-linux-x86_64-fedora-gcc | 1.0.2 | 128.88 | NOTE | |||
r-devel-windows-x86_64 | 1.0.2 | 9.00 | 79.00 | 88.00 | NOTE | |
r-patched-linux-x86_64 | 1.0.2 | 5.75 | 61.75 | 67.50 | NOTE | |
r-release-linux-x86_64 | NOTE | |||||
r-release-macos-arm64 | 1.0.2 | 63.00 | NOTE | |||
r-release-macos-x86_64 | 1.0.2 | 67.00 | NOTE | |||
r-release-windows-x86_64 | 1.0.2 | 9.00 | 79.00 | 88.00 | NOTE | |
r-oldrel-macos-arm64 | 1.0.2 | 38.00 | NOTE | |||
r-oldrel-macos-x86_64 | 1.0.2 | 56.00 | NOTE | |||
r-oldrel-windows-x86_64 | 1.0.2 | 9.00 | 96.00 | 105.00 | NOTE |
Version: 1.0.2
Check: package subdirectories
Result: NOTE
Problems with news in ‘NEWS.md’:
Cannot extract version info from the following section titles:
Win CRAN check results - R Windows
Flavors: r-devel-linux-x86_64-debian-clang, r-devel-linux-x86_64-debian-gcc, r-devel-linux-x86_64-fedora-clang, r-devel-linux-x86_64-fedora-gcc, r-devel-windows-x86_64, r-patched-linux-x86_64, r-release-linux-x86_64, r-release-macos-arm64, r-release-macos-x86_64, r-release-windows-x86_64, r-oldrel-macos-arm64, r-oldrel-macos-x86_64, r-oldrel-windows-x86_64