Last updated on 2025-05-03 12:54:42 CEST.
Flavor | Version | Tinstall | Tcheck | Ttotal | Status | Flags |
---|---|---|---|---|---|---|
r-devel-linux-x86_64-debian-clang | 0.1.4.1 | 4.94 | 46.22 | 51.16 | NOTE | |
r-devel-linux-x86_64-debian-gcc | 0.1.4.1 | 3.46 | 34.76 | 38.22 | NOTE | |
r-devel-linux-x86_64-fedora-clang | 0.1.4.1 | 71.72 | OK | |||
r-devel-linux-x86_64-fedora-gcc | 0.1.4.1 | 82.88 | OK | |||
r-devel-windows-x86_64 | 0.1.4.1 | 6.00 | 60.00 | 66.00 | OK | |
r-patched-linux-x86_64 | 0.1.4.1 | 4.68 | 45.12 | 49.80 | OK | |
r-release-linux-x86_64 | OK | |||||
r-release-macos-arm64 | 0.1.4.1 | 27.00 | OK | |||
r-release-macos-x86_64 | 0.1.4.1 | 45.00 | OK | |||
r-release-windows-x86_64 | 0.1.4.1 | 6.00 | 60.00 | 66.00 | OK | |
r-oldrel-macos-arm64 | 0.1.4.1 | 24.00 | OK | |||
r-oldrel-macos-x86_64 | 0.1.4.1 | 35.00 | OK | |||
r-oldrel-windows-x86_64 | 0.1.4.1 | 8.00 | 72.00 | 80.00 | OK |
Version: 0.1.4.1
Check: DESCRIPTION meta-information
Result: NOTE
Author field differs from that derived from Authors@R
Author: ‘Alboukadel Kassambara [aut, cre], Indrajeet Patil [ctb] (<https://orcid.org/0000-0003-1995-6531>, @patilindrajeets)’
Authors@R: ‘Alboukadel Kassambara [aut, cre], Indrajeet Patil [ctb] (ORCID: <https://orcid.org/0000-0003-1995-6531>, Twitter: @patilindrajeets)’
Flavors: r-devel-linux-x86_64-debian-clang, r-devel-linux-x86_64-debian-gcc