Last updated on 2024-06-17 06:50:18 CEST.
Flavor | Version | Tinstall | Tcheck | Ttotal | Status | Flags |
---|---|---|---|---|---|---|
r-devel-linux-x86_64-debian-clang | 1.2 | 18.89 | 133.74 | 152.63 | OK | |
r-devel-linux-x86_64-debian-gcc | 1.2 | 14.40 | 100.84 | 115.24 | OK | |
r-devel-linux-x86_64-fedora-clang | 1.2 | 197.61 | NOTE | |||
r-devel-linux-x86_64-fedora-gcc | 1.2 | 181.97 | OK | |||
r-devel-windows-x86_64 | 1.2 | 21.00 | 106.00 | 127.00 | NOTE | |
r-patched-linux-x86_64 | 1.2 | 19.52 | 126.77 | 146.29 | OK | |
r-release-linux-x86_64 | 1.2 | 20.95 | 129.40 | 150.35 | OK | |
r-release-macos-arm64 | 1.2 | 50.00 | NOTE | |||
r-release-macos-x86_64 | 1.2 | 74.00 | NOTE | |||
r-release-windows-x86_64 | 1.2 | 19.00 | 113.00 | 132.00 | NOTE | |
r-oldrel-macos-arm64 | 1.2 | 57.00 | NOTE | |||
r-oldrel-macos-x86_64 | 1.2 | 91.00 | NOTE | |||
r-oldrel-windows-x86_64 | 1.2 | 24.00 | 129.00 | 153.00 | NOTE |
Version: 1.2
Check: installed package size
Result: NOTE
installed size is 9.4Mb
sub-directories of 1Mb or more:
extdata 9.1Mb
Flavors: r-devel-linux-x86_64-fedora-clang, r-devel-windows-x86_64, r-release-macos-arm64, r-release-macos-x86_64, r-release-windows-x86_64, r-oldrel-macos-arm64, r-oldrel-macos-x86_64, r-oldrel-windows-x86_64