CRAN Package Check Results for Package ggridges

Last updated on 2025-05-03 21:51:19 CEST.

Flavor Version Tinstall Tcheck Ttotal Status Flags
r-devel-linux-x86_64-debian-clang 0.5.6 7.89 111.19 119.08 NOTE
r-devel-linux-x86_64-debian-gcc 0.5.6 5.24 78.70 83.94 NOTE
r-devel-linux-x86_64-fedora-clang 0.5.6 168.62 OK
r-devel-linux-x86_64-fedora-gcc 0.5.6 201.04 OK
r-devel-windows-x86_64 0.5.6 10.00 135.00 145.00 NOTE
r-patched-linux-x86_64 0.5.6 8.21 104.71 112.92 NOTE
r-release-linux-x86_64 NOTE
r-release-macos-arm64 0.5.6 54.00 OK
r-release-macos-x86_64 0.5.6 109.00 OK
r-release-windows-x86_64 0.5.6 10.00 109.00 119.00 NOTE
r-oldrel-macos-arm64 0.5.6 53.00 OK
r-oldrel-macos-x86_64 0.5.6 88.00 OK
r-oldrel-windows-x86_64 0.5.6 12.00 165.00 177.00 OK

Check Details

Version: 0.5.6
Check: Rd cross-references
Result: NOTE Found the following Rd file(s) with Rd \link{} targets missing package anchors: geom_density_line.Rd: geom_density geom_density_ridges.Rd: aes, aes_, ggplot, layer, stat_density geom_ridgeline.Rd: aes, aes_, ggplot, layer geom_ridgeline_gradient.Rd: aes, aes_, ggplot, layer geom_vridgeline.Rd: aes, aes_, ggplot, layer position_points_jitter.Rd: position_jitter scale_cyclical.Rd: discrete_scale scale_point.Rd: scale_discrete_manual scale_vline.Rd: scale_discrete_manual stat_density_ridges.Rd: stat_density, aes, aes_, ggplot, layer Please provide package anchors for all Rd \link{} targets not in the package itself and the base packages. Flavors: r-devel-linux-x86_64-debian-clang, r-devel-linux-x86_64-debian-gcc, r-devel-windows-x86_64, r-patched-linux-x86_64, r-release-linux-x86_64, r-release-windows-x86_64