Last updated on 2025-05-03 21:51:19 CEST.
Flavor | Version | Tinstall | Tcheck | Ttotal | Status | Flags |
---|---|---|---|---|---|---|
r-devel-linux-x86_64-debian-clang | 0.3.1 | 13.91 | 264.12 | 278.03 | NOTE | |
r-devel-linux-x86_64-debian-gcc | 0.3.1 | 9.18 | 176.27 | 185.45 | NOTE | |
r-devel-linux-x86_64-fedora-clang | 0.3.1 | 416.55 | NOTE | |||
r-devel-linux-x86_64-fedora-gcc | 0.3.1 | 466.79 | NOTE | |||
r-devel-windows-x86_64 | 0.3.1 | 15.00 | 283.00 | 298.00 | NOTE | |
r-patched-linux-x86_64 | 0.3.1 | 14.85 | 250.27 | 265.12 | NOTE | |
r-release-linux-x86_64 | NOTE | |||||
r-release-macos-arm64 | 0.3.1 | 106.00 | NOTE | |||
r-release-macos-x86_64 | 0.3.1 | 163.00 | NOTE | |||
r-release-windows-x86_64 | 0.3.1 | 16.00 | 241.00 | 257.00 | NOTE | |
r-oldrel-macos-arm64 | 0.3.1 | 81.00 | OK | |||
r-oldrel-macos-x86_64 | 0.3.1 | 128.00 | OK | |||
r-oldrel-windows-x86_64 | 0.3.1 | 18.00 | 311.00 | 329.00 | OK |
Version: 0.3.1
Check: DESCRIPTION meta-information
Result: NOTE
Missing dependency on R >= 4.1.0 because package code uses the pipe
|> or function shorthand \(...) syntax added in R 4.1.0.
File(s) using such syntax:
‘scales-sides-.R’ ‘side-layout-.r’ ‘utils-calls.R’
Flavors: r-devel-linux-x86_64-debian-clang, r-devel-linux-x86_64-debian-gcc, r-devel-linux-x86_64-fedora-clang, r-devel-linux-x86_64-fedora-gcc, r-devel-windows-x86_64, r-patched-linux-x86_64, r-release-linux-x86_64, r-release-macos-arm64, r-release-macos-x86_64, r-release-windows-x86_64
Version: 0.3.1
Check: Rd cross-references
Result: NOTE
Found the following Rd file(s) with Rd \link{} targets missing package
anchors:
geom_xsideabline.Rd: aes
ggside-ggproto-facets.Rd: ggplot2
xside.Rd: ggplot2
yside.Rd: ggplot2
Please provide package anchors for all Rd \link{} targets not in the
package itself and the base packages.
Flavors: r-devel-linux-x86_64-debian-clang, r-devel-linux-x86_64-debian-gcc, r-devel-windows-x86_64, r-patched-linux-x86_64, r-release-linux-x86_64, r-release-windows-x86_64