CRAN Package Check Results for Package ginormal

Last updated on 2025-07-24 12:51:26 CEST.

Flavor Version Tinstall Tcheck Ttotal Status Flags
r-devel-linux-x86_64-debian-clang 0.0.2 3.19 21.11 24.30 NOTE
r-devel-linux-x86_64-debian-gcc 0.0.2 2.49 16.96 19.45 NOTE
r-devel-linux-x86_64-fedora-clang 0.0.2 35.09 NOTE
r-devel-linux-x86_64-fedora-gcc 0.0.2 34.06 NOTE
r-devel-windows-x86_64 0.0.2 6.00 43.00 49.00 NOTE
r-patched-linux-x86_64 0.0.2 2.79 19.11 21.90 NOTE
r-release-linux-x86_64 0.0.2 2.41 19.37 21.78 NOTE
r-release-macos-arm64 0.0.2 19.00 NOTE
r-release-macos-x86_64 0.0.2 31.00 NOTE
r-release-windows-x86_64 0.0.2 7.00 45.00 52.00 NOTE
r-oldrel-macos-arm64 0.0.2 18.00 OK
r-oldrel-macos-x86_64 0.0.2 28.00 OK
r-oldrel-windows-x86_64 0.0.2 6.00 47.00 53.00 OK

Check Details

Version: 0.0.2
Check: DESCRIPTION meta-information
Result: NOTE Missing dependency on R >= 4.1.0 because package code uses the pipe |> or function shorthand \(...) syntax added in R 4.1.0. File(s) using such syntax: ‘rtgin1.R’ Flavors: r-devel-linux-x86_64-debian-clang, r-devel-linux-x86_64-debian-gcc, r-devel-linux-x86_64-fedora-clang, r-devel-linux-x86_64-fedora-gcc, r-devel-windows-x86_64, r-patched-linux-x86_64, r-release-linux-x86_64, r-release-macos-arm64, r-release-macos-x86_64, r-release-windows-x86_64