Last updated on 2025-05-03 21:51:19 CEST.
Flavor | Version | Tinstall | Tcheck | Ttotal | Status | Flags |
---|---|---|---|---|---|---|
r-devel-linux-x86_64-debian-clang | 1.2.1 | 1.96 | 19.71 | 21.67 | NOTE | |
r-devel-linux-x86_64-debian-gcc | 1.2.1 | 1.59 | 16.10 | 17.69 | NOTE | |
r-devel-linux-x86_64-fedora-clang | 1.2.1 | 34.02 | OK | |||
r-devel-linux-x86_64-fedora-gcc | 1.2.1 | 34.49 | OK | |||
r-devel-windows-x86_64 | 1.2.1 | 3.00 | 42.00 | 45.00 | OK | |
r-patched-linux-x86_64 | 1.2.1 | 1.84 | 19.21 | 21.05 | OK | |
r-release-linux-x86_64 | OK | |||||
r-release-macos-arm64 | 1.2.1 | 25.00 | OK | |||
r-release-macos-x86_64 | 1.2.1 | 26.00 | OK | |||
r-release-windows-x86_64 | 1.2.1 | 3.00 | 46.00 | 49.00 | OK | |
r-oldrel-macos-arm64 | 1.2.1 | 21.00 | OK | |||
r-oldrel-macos-x86_64 | 1.2.1 | 22.00 | OK | |||
r-oldrel-windows-x86_64 | 1.2.1 | 3.00 | 41.00 | 44.00 | OK |
Version: 1.2.1
Check: CRAN incoming feasibility
Result: NOTE
Maintainer: ‘Mark W. Donoghoe <markdonoghoe@gmail.com>’
Package CITATION file contains call(s) to old-style citEntry(). Please
use bibentry() instead.
Flavors: r-devel-linux-x86_64-debian-clang, r-devel-linux-x86_64-debian-gcc