Last updated on 2025-05-06 06:49:56 CEST.
Flavor | Version | Tinstall | Tcheck | Ttotal | Status | Flags |
---|---|---|---|---|---|---|
r-devel-linux-x86_64-debian-clang | 1.0-3.1 | 12.47 | 69.93 | 82.40 | NOTE | |
r-devel-linux-x86_64-debian-gcc | 1.0-3.1 | 8.50 | 51.47 | 59.97 | NOTE | |
r-devel-linux-x86_64-fedora-clang | 1.0-3.1 | 123.88 | NOTE | |||
r-devel-linux-x86_64-fedora-gcc | 1.0-3.1 | 143.64 | NOTE | |||
r-devel-windows-x86_64 | 1.0-3.1 | 16.00 | 92.00 | 108.00 | NOTE | |
r-patched-linux-x86_64 | 1.0-3.1 | 10.90 | 68.65 | 79.55 | NOTE | |
r-release-linux-x86_64 | 1.0-3.1 | 10.35 | 68.46 | 78.81 | NOTE | |
r-release-macos-arm64 | 1.0-3.1 | 57.00 | NOTE | |||
r-release-macos-x86_64 | 1.0-3.1 | 97.00 | NOTE | |||
r-release-windows-x86_64 | 1.0-3.1 | 16.00 | 93.00 | 109.00 | NOTE | |
r-oldrel-macos-arm64 | 1.0-3.1 | 45.00 | NOTE | |||
r-oldrel-macos-x86_64 | 1.0-3.1 | 88.00 | NOTE | |||
r-oldrel-windows-x86_64 | 1.0-3.1 | 20.00 | 105.00 | 125.00 | NOTE |
Version: 1.0-3.1
Check: CRAN incoming feasibility
Result: NOTE
Maintainer: ‘Matt P. Wand <matt.wand@uts.edu.au>’
The Description field contains
Johnstone, Ormerod, Wand and Yu (2018) <arXiv:1805.08423v1>.
Please refer to arXiv e-prints via their arXiv DOI <doi:10.48550/arXiv.YYMM.NNNNN>.
Flavors: r-devel-linux-x86_64-debian-clang, r-devel-linux-x86_64-debian-gcc
Version: 1.0-3.1
Check: Rd files
Result: NOTE
checkRd: (-1) glmmSimData.Rd:4: Lost braces; missing escapes or markup?
4 | \description{Section 4.1.2 of the refence below descries a simulation study with data generated from a probit mixed model with six fixed effects parameters and a bivariate random effects vector having a 2 by 2 symmetric positive definite covariance matrix. The function simulates a data set from this model with 2500 groups and the number of observation in each group being a random draw from {20,21,...,30}.}
| ^
Flavors: r-devel-linux-x86_64-debian-clang, r-devel-linux-x86_64-debian-gcc, r-devel-linux-x86_64-fedora-clang, r-devel-linux-x86_64-fedora-gcc, r-devel-windows-x86_64, r-patched-linux-x86_64, r-release-linux-x86_64, r-release-macos-arm64, r-release-macos-x86_64, r-release-windows-x86_64, r-oldrel-macos-arm64, r-oldrel-macos-x86_64, r-oldrel-windows-x86_64