Last updated on 2024-06-17 06:50:18 CEST.
Flavor | Version | Tinstall | Tcheck | Ttotal | Status | Flags |
---|---|---|---|---|---|---|
r-devel-linux-x86_64-debian-clang | 1.5.4.4 | 648.50 | 233.95 | 882.45 | NOTE | |
r-devel-linux-x86_64-debian-gcc | 1.5.4.4 | 487.00 | 199.61 | 686.61 | NOTE | |
r-devel-linux-x86_64-fedora-clang | 1.5.4.4 | 1122.65 | NOTE | |||
r-devel-linux-x86_64-fedora-gcc | 1.5.4.4 | 1413.76 | NOTE | |||
r-devel-windows-x86_64 | 1.5.4.4 | 500.00 | 203.00 | 703.00 | NOTE | |
r-patched-linux-x86_64 | 1.5.4.4 | 499.42 | 266.97 | 766.39 | NOTE | |
r-release-linux-x86_64 | 1.5.4.4 | 544.18 | 258.39 | 802.57 | NOTE | |
r-release-macos-arm64 | 1.5.4.4 | 238.00 | NOTE | |||
r-release-macos-x86_64 | 1.5.4.4 | 239.00 | NOTE | |||
r-release-windows-x86_64 | 1.5.4.4 | 503.00 | 216.00 | 719.00 | NOTE | |
r-oldrel-macos-arm64 | 1.5.4.4 | 227.00 | NOTE | |||
r-oldrel-macos-x86_64 | 1.5.4.4 | 320.00 | NOTE | |||
r-oldrel-windows-x86_64 | 1.5.4.4 | 615.00 | 253.00 | 868.00 | NOTE |
Version: 1.5.4.4
Check: for GNU extensions in Makefiles
Result: NOTE
GNU make is a SystemRequirements.
Flavors: r-devel-linux-x86_64-debian-clang, r-devel-linux-x86_64-debian-gcc, r-devel-linux-x86_64-fedora-clang, r-devel-linux-x86_64-fedora-gcc, r-devel-windows-x86_64, r-patched-linux-x86_64, r-release-linux-x86_64, r-release-macos-arm64, r-release-macos-x86_64, r-release-windows-x86_64, r-oldrel-macos-arm64, r-oldrel-macos-x86_64, r-oldrel-windows-x86_64
Version: 1.5.4.4
Check: installed package size
Result: NOTE
installed size is 5.2Mb
sub-directories of 1Mb or more:
libs 4.0Mb
Flavors: r-devel-linux-x86_64-fedora-clang, r-release-macos-arm64, r-release-macos-x86_64, r-oldrel-macos-arm64, r-oldrel-macos-x86_64
Version: 1.5.4.4
Check: dependencies in R code
Result: NOTE
Namespace in Imports field not imported from: ‘rstantools’
All declared Imports should be used.
Flavors: r-devel-linux-x86_64-fedora-clang, r-devel-linux-x86_64-fedora-gcc