Last updated on 2025-05-03 21:51:19 CEST.
Flavor | Version | Tinstall | Tcheck | Ttotal | Status | Flags |
---|---|---|---|---|---|---|
r-devel-linux-x86_64-debian-clang | 0.5.5 | 15.42 | 183.44 | 198.86 | NOTE | |
r-devel-linux-x86_64-debian-gcc | 0.5.5 | 11.51 | 123.51 | 135.02 | NOTE | |
r-devel-linux-x86_64-fedora-clang | 0.5.5 | 327.59 | OK | |||
r-devel-linux-x86_64-fedora-gcc | 0.5.5 | 338.61 | OK | |||
r-devel-windows-x86_64 | 0.5.5 | 18.00 | 178.00 | 196.00 | NOTE | |
r-patched-linux-x86_64 | 0.5.5 | 13.98 | 169.05 | 183.03 | NOTE | |
r-release-linux-x86_64 | NOTE | |||||
r-release-macos-arm64 | 0.5.5 | 93.00 | OK | |||
r-release-macos-x86_64 | 0.5.5 | 160.00 | OK | |||
r-release-windows-x86_64 | 0.5.5 | 17.00 | 176.00 | 193.00 | NOTE | |
r-oldrel-macos-arm64 | 0.5.5 | 91.00 | OK | |||
r-oldrel-macos-x86_64 | 0.5.5 | 128.00 | OK | |||
r-oldrel-windows-x86_64 | 0.5.5 | 23.00 | 227.00 | 250.00 | OK |
Version: 0.5.5
Check: Rd cross-references
Result: NOTE
Found the following Rd file(s) with Rd \link{} targets missing package
anchors:
glmmRefit.Rd: glmmTMB
Please provide package anchors for all Rd \link{} targets not in the
package itself and the base packages.
Flavors: r-devel-linux-x86_64-debian-clang, r-devel-linux-x86_64-debian-gcc, r-devel-windows-x86_64, r-patched-linux-x86_64, r-release-linux-x86_64, r-release-windows-x86_64