CRAN Package Check Results for Package glmmfields

Last updated on 2025-11-25 12:49:50 CET.

Flavor Version Tinstall Tcheck Ttotal Status Flags
r-devel-linux-x86_64-debian-clang 0.1.8 223.84 162.92 386.76 OK
r-devel-linux-x86_64-debian-gcc 0.1.8 180.76 130.17 310.93 OK
r-devel-linux-x86_64-fedora-clang 0.1.8 400.00 157.25 557.25 OK
r-devel-linux-x86_64-fedora-gcc 0.1.8 600.00 123.86 723.86 OK
r-devel-windows-x86_64 0.1.8 227.00 211.00 438.00 OK
r-patched-linux-x86_64 0.1.8 233.53 175.03 408.56 OK
r-release-linux-x86_64 0.1.8 230.31 173.66 403.97 OK
r-release-macos-arm64 0.1.8 OK
r-release-macos-x86_64 0.1.8 229.00 126.00 355.00 OK
r-release-windows-x86_64 0.1.8 218.00 195.00 413.00 OK
r-oldrel-macos-arm64 0.1.8 NOTE
r-oldrel-macos-x86_64 0.1.8 84.00 70.00 154.00 NOTE
r-oldrel-windows-x86_64 0.1.8 256.00 244.00 500.00 NOTE

Check Details

Version: 0.1.8
Check: installed package size
Result: NOTE installed size is 93.0Mb sub-directories of 1Mb or more: libs 92.3Mb Flavors: r-oldrel-macos-arm64, r-oldrel-macos-x86_64

Version: 0.1.8
Check: for GNU extensions in Makefiles
Result: NOTE GNU make is a SystemRequirements. Flavors: r-oldrel-macos-arm64, r-oldrel-macos-x86_64, r-oldrel-windows-x86_64