Last updated on 2024-06-17 06:50:18 CEST.
Flavor | Version | Tinstall | Tcheck | Ttotal | Status | Flags |
---|---|---|---|---|---|---|
r-devel-linux-x86_64-debian-clang | 0.2-0 | 3.07 | 46.28 | 49.35 | OK | |
r-devel-linux-x86_64-debian-gcc | 0.2-0 | 3.54 | 34.50 | 38.04 | OK | |
r-devel-linux-x86_64-fedora-clang | 0.2-0 | 67.09 | OK | |||
r-devel-linux-x86_64-fedora-gcc | 0.2-0 | 60.29 | OK | |||
r-devel-windows-x86_64 | 0.2-0 | 5.00 | 58.00 | 63.00 | OK | |
r-patched-linux-x86_64 | 0.2-0 | 5.03 | 44.30 | 49.33 | OK | |
r-release-linux-x86_64 | 0.2-0 | 3.54 | 45.04 | 48.58 | OK | |
r-release-macos-arm64 | 0.2-0 | 23.00 | OK | |||
r-release-macos-x86_64 | 0.2-0 | 32.00 | OK | |||
r-release-windows-x86_64 | 0.2-0 | 5.00 | 58.00 | 63.00 | OK | |
r-oldrel-macos-arm64 | 0.2-0 | 26.00 | OK | |||
r-oldrel-macos-x86_64 | 0.2-0 | 37.00 | NOTE | |||
r-oldrel-windows-x86_64 | 0.2-0 | 6.00 | 62.00 | 68.00 | OK |
Version: 0.2-0
Check: package dependencies
Result: NOTE
Package suggested but not available for checking: ‘AER’
Flavor: r-oldrel-macos-x86_64