Last updated on 2025-07-23 12:54:10 CEST.
Flavor | Version | Tinstall | Tcheck | Ttotal | Status | Flags |
---|---|---|---|---|---|---|
r-devel-linux-x86_64-debian-clang | 1.5.8 | 1132.57 | 97.97 | 1230.54 | OK | |
r-devel-linux-x86_64-debian-gcc | 1.6.0 | 883.25 | 126.95 | 1010.20 | OK | |
r-devel-linux-x86_64-fedora-clang | 1.6.0 | 1100.88 | ERROR | |||
r-devel-linux-x86_64-fedora-gcc | 1.6.0 | 2468.01 | OK | |||
r-devel-windows-x86_64 | 1.5.8 | 1041.00 | 273.00 | 1314.00 | OK | |
r-patched-linux-x86_64 | 1.5.8 | 1181.85 | 161.31 | 1343.16 | OK | |
r-release-linux-x86_64 | 1.5.8 | 1154.39 | 161.42 | 1315.81 | OK | |
r-release-macos-arm64 | 1.5.8 | 452.00 | OK | |||
r-release-macos-x86_64 | 1.6.1 | 773.00 | OK | |||
r-release-windows-x86_64 | 1.6.0 | 771.00 | 272.00 | 1043.00 | OK | |
r-oldrel-macos-arm64 | 1.5.8 | 624.00 | NOTE | |||
r-oldrel-macos-x86_64 | 1.6.1 | 778.00 | NOTE | |||
r-oldrel-windows-x86_64 | 1.6.0 | 695.00 | 293.00 | 988.00 | NOTE |
Version: 1.6.0
Check: whether package can be installed
Result: ERROR
Installation failed.
Flavor: r-devel-linux-x86_64-fedora-clang
Version: 1.5.8
Check: installed package size
Result: NOTE
installed size is 250.3Mb
sub-directories of 1Mb or more:
libs 249.3Mb
Flavor: r-oldrel-macos-arm64
Version: 1.6.1
Check: installed package size
Result: NOTE
installed size is 263.5Mb
sub-directories of 1Mb or more:
libs 262.5Mb
Flavor: r-oldrel-macos-x86_64
Version: 1.6.0
Check: installed package size
Result: NOTE
installed size is 8.8Mb
sub-directories of 1Mb or more:
libs 7.9Mb
Flavor: r-oldrel-windows-x86_64