CRAN Package Check Results for Package greport

Last updated on 2025-05-03 21:51:20 CEST.

Flavor Version Tinstall Tcheck Ttotal Status Flags
r-devel-linux-x86_64-debian-clang 0.7-4 15.64 110.76 126.40 NOTE
r-devel-linux-x86_64-debian-gcc 0.7-4 9.76 79.76 89.52 NOTE
r-devel-linux-x86_64-fedora-clang 0.7-4 186.60 NOTE
r-devel-linux-x86_64-fedora-gcc 0.7-4 188.93 NOTE
r-devel-windows-x86_64 0.7-4 17.00 114.00 131.00 NOTE
r-patched-linux-x86_64 0.7-4 15.97 101.76 117.73 NOTE
r-release-linux-x86_64 NOTE
r-release-macos-arm64 0.7-4 49.00 NOTE
r-release-macos-x86_64 0.7-4 95.00 NOTE
r-release-windows-x86_64 0.7-4 16.00 109.00 125.00 NOTE
r-oldrel-macos-arm64 0.7-4 50.00 NOTE
r-oldrel-macos-x86_64 0.7-4 72.00 NOTE
r-oldrel-windows-x86_64 0.7-4 22.00 140.00 162.00 NOTE

Check Details

Version: 0.7-4
Check: CRAN incoming feasibility
Result: NOTE Maintainer: ‘Frank E Harrell Jr <fh@fharrell.com>’ No Authors@R field in DESCRIPTION. Please add one, modifying Authors@R: person(given = c("Frank", "E"), family = "Harrell Jr", role = c("aut", "cre"), email = "fh@fharrell.com") as necessary. Flavors: r-devel-linux-x86_64-debian-clang, r-devel-linux-x86_64-debian-gcc

Version: 0.7-4
Check: R code for possible problems
Result: NOTE accrualReport: multiple local function definitions for ‘gg’ with different formal arguments Flavors: r-devel-linux-x86_64-debian-clang, r-devel-linux-x86_64-debian-gcc, r-devel-linux-x86_64-fedora-clang, r-devel-linux-x86_64-fedora-gcc, r-devel-windows-x86_64, r-patched-linux-x86_64, r-release-linux-x86_64, r-release-macos-arm64, r-release-macos-x86_64, r-release-windows-x86_64, r-oldrel-macos-arm64, r-oldrel-macos-x86_64, r-oldrel-windows-x86_64

Version: 0.7-4
Check: Rd files
Result: NOTE checkRd: (-1) setgreportOption.Rd:12: Lost braces in \itemize; meant \describe ? checkRd: (-1) setgreportOption.Rd:13: Lost braces in \itemize; meant \describe ? checkRd: (-1) setgreportOption.Rd:14: Lost braces in \itemize; meant \describe ? checkRd: (-1) setgreportOption.Rd:15: Lost braces in \itemize; meant \describe ? checkRd: (-1) setgreportOption.Rd:16: Lost braces in \itemize; meant \describe ? checkRd: (-1) setgreportOption.Rd:17: Lost braces in \itemize; meant \describe ? checkRd: (-1) setgreportOption.Rd:18: Lost braces in \itemize; meant \describe ? checkRd: (-1) setgreportOption.Rd:19: Lost braces in \itemize; meant \describe ? checkRd: (-1) setgreportOption.Rd:20: Lost braces in \itemize; meant \describe ? checkRd: (-1) setgreportOption.Rd:21: Lost braces in \itemize; meant \describe ? checkRd: (-1) setgreportOption.Rd:22: Lost braces in \itemize; meant \describe ? checkRd: (-1) setgreportOption.Rd:23: Lost braces in \itemize; meant \describe ? checkRd: (-1) setgreportOption.Rd:24: Lost braces 24 | \item{code{figpos}:}{LaTeX figure environment position; default is \code{"htb!"}} | ^ checkRd: (-1) setgreportOption.Rd:24: Lost braces in \itemize; meant \describe ? checkRd: (-1) setgreportOption.Rd:25: Lost braces in \itemize; meant \describe ? checkRd: (-1) setgreportOption.Rd:26: Lost braces in \itemize; meant \describe ? checkRd: (-1) setgreportOption.Rd:27: Lost braces in \itemize; meant \describe ? checkRd: (-1) setgreportOption.Rd:28: Lost braces in \itemize; meant \describe ? checkRd: (-1) setgreportOption.Rd:29: Lost braces in \itemize; meant \describe ? Flavors: r-devel-linux-x86_64-debian-clang, r-devel-linux-x86_64-debian-gcc, r-devel-linux-x86_64-fedora-clang, r-devel-linux-x86_64-fedora-gcc, r-devel-windows-x86_64, r-patched-linux-x86_64, r-release-linux-x86_64, r-release-macos-arm64, r-release-macos-x86_64, r-release-windows-x86_64, r-oldrel-macos-arm64, r-oldrel-macos-x86_64, r-oldrel-windows-x86_64