Last updated on 2025-05-03 21:51:20 CEST.
Flavor | Version | Tinstall | Tcheck | Ttotal | Status | Flags |
---|---|---|---|---|---|---|
r-devel-linux-x86_64-debian-clang | 1.0.5.1 | 69.68 | 58.90 | 128.58 | NOTE | |
r-devel-linux-x86_64-debian-gcc | 1.0.5.1 | 48.58 | 46.65 | 95.23 | NOTE | |
r-devel-linux-x86_64-fedora-clang | 1.0.5.1 | 226.00 | OK | |||
r-devel-linux-x86_64-fedora-gcc | 1.0.5.1 | 254.69 | OK | |||
r-devel-windows-x86_64 | 1.0.5.1 | 79.00 | 109.00 | 188.00 | OK | |
r-patched-linux-x86_64 | 1.0.5.1 | 66.16 | 60.70 | 126.86 | OK | |
r-release-linux-x86_64 | OK | |||||
r-release-macos-arm64 | 1.0.5.1 | 72.00 | OK | |||
r-release-macos-x86_64 | 1.0.5.1 | 92.00 | OK | |||
r-release-windows-x86_64 | 1.0.5.1 | 78.00 | 109.00 | 187.00 | OK | |
r-oldrel-macos-arm64 | 1.0.5.1 | 63.00 | NOTE | |||
r-oldrel-macos-x86_64 | 1.0.5.1 | 105.00 | NOTE | |||
r-oldrel-windows-x86_64 | 1.0.5.1 | 89.00 | 134.00 | 223.00 | OK |
Version: 1.0.5.1
Check: CRAN incoming feasibility
Result: NOTE
Maintainer: ‘Alexander Sibley <dcibioinformatics@duke.edu>’
No Authors@R field in DESCRIPTION.
Please add one, modifying
Authors@R: c(person(given = "Jiaxing",
family = "Lin",
role = "aut"),
person(given = "Alexander",
family = "Sibley",
role = c("aut", "cre"),
email = "dcibioinformatics@duke.edu"),
person(given = "Tracy",
family = "Truong",
role = "aut"),
person(given = "Kouros",
family = "Owzar",
role = "aut"),
person(given = "Zhiguo",
family = "Li",
role = "aut"),
person(given = "Layne",
family = "Rogers",
role = "ctb"),
person(given = "Yu",
family = "Jiang",
role = "ctb"),
person(given = "Janice",
family = "McCarthy",
role = "ctb"),
person(given = "Andrew",
family = "Allen",
role = "ctb"))
as necessary.
Flavors: r-devel-linux-x86_64-debian-clang, r-devel-linux-x86_64-debian-gcc
Version: 1.0.5.1
Check: installed package size
Result: NOTE
installed size is 9.7Mb
sub-directories of 1Mb or more:
libs 9.3Mb
Flavors: r-oldrel-macos-arm64, r-oldrel-macos-x86_64