Last updated on 2025-05-03 21:51:20 CEST.
Flavor | Version | Tinstall | Tcheck | Ttotal | Status | Flags |
---|---|---|---|---|---|---|
r-devel-linux-x86_64-debian-clang | 1.3.1 | 2.01 | 21.51 | 23.52 | NOTE | |
r-devel-linux-x86_64-debian-gcc | 1.3.1 | 1.47 | 17.63 | 19.10 | NOTE | |
r-devel-linux-x86_64-fedora-clang | 1.3.1 | 36.20 | OK | |||
r-devel-linux-x86_64-fedora-gcc | 1.3.1 | 34.18 | OK | |||
r-devel-windows-x86_64 | 1.3.1 | 3.00 | 45.00 | 48.00 | OK | |
r-patched-linux-x86_64 | 1.3.1 | 2.41 | 21.60 | 24.01 | OK | |
r-release-linux-x86_64 | OK | |||||
r-release-macos-arm64 | 1.3.1 | 16.00 | OK | |||
r-release-macos-x86_64 | 1.3.1 | 27.00 | OK | |||
r-release-windows-x86_64 | 1.3.1 | 3.00 | 45.00 | 48.00 | OK | |
r-oldrel-macos-arm64 | 1.3.1 | 15.00 | OK | |||
r-oldrel-macos-x86_64 | 1.3.1 | 23.00 | OK | |||
r-oldrel-windows-x86_64 | 1.3.1 | 3.00 | 50.00 | 53.00 | OK |
Version: 1.3.1
Check: CRAN incoming feasibility
Result: NOTE
Maintainer: ‘Daniel Rodriguez <daniel.rodriguez.perez@gmail.com>’
No Authors@R field in DESCRIPTION.
Please add one, modifying
Authors@R: person(given = "Daniel",
family = "Rodriguez",
role = c("aut", "cre"),
email = "daniel.rodriguez.perez@gmail.com")
as necessary.
Flavors: r-devel-linux-x86_64-debian-clang, r-devel-linux-x86_64-debian-gcc