Last updated on 2025-05-06 03:51:04 CEST.
Flavor | Version | Tinstall | Tcheck | Ttotal | Status | Flags |
---|---|---|---|---|---|---|
r-devel-linux-x86_64-debian-clang | 0.2-2 | 5.62 | 46.09 | 51.71 | NOTE | |
r-devel-linux-x86_64-debian-gcc | 0.2-2 | 3.76 | 33.67 | 37.43 | NOTE | |
r-devel-linux-x86_64-fedora-clang | 0.2-2 | 79.90 | OK | |||
r-devel-linux-x86_64-fedora-gcc | 0.2-2 | 76.53 | OK | |||
r-devel-windows-x86_64 | 0.2-2 | 6.00 | 61.00 | 67.00 | OK | |
r-patched-linux-x86_64 | 0.2-2 | 4.65 | 43.76 | 48.41 | OK | |
r-release-linux-x86_64 | 0.2-2 | 4.97 | 43.31 | 48.28 | OK | |
r-release-macos-arm64 | 0.2-2 | 29.00 | OK | |||
r-release-macos-x86_64 | 0.2-2 | 45.00 | OK | |||
r-release-windows-x86_64 | 0.2-2 | 6.00 | 62.00 | 68.00 | OK | |
r-oldrel-macos-arm64 | 0.2-2 | 25.00 | OK | |||
r-oldrel-macos-x86_64 | 0.2-2 | 36.00 | OK | |||
r-oldrel-windows-x86_64 | 0.2-2 | 7.00 | 73.00 | 80.00 | OK |
Version: 0.2-2
Check: CRAN incoming feasibility
Result: NOTE
Maintainer: ‘David Wheeler <dcwheels@gmail.com>’
No Authors@R field in DESCRIPTION.
Please add one, modifying
Authors@R: person(given = "David",
family = "Wheeler",
role = c("aut", "cre"),
email = "dcwheels@gmail.com")
as necessary.
Flavors: r-devel-linux-x86_64-debian-clang, r-devel-linux-x86_64-debian-gcc