Last updated on 2025-05-07 12:50:24 CEST.
Flavor | Version | Tinstall | Tcheck | Ttotal | Status | Flags |
---|---|---|---|---|---|---|
r-devel-linux-x86_64-debian-clang | 1.1.2 | 2.46 | 30.97 | 33.43 | NOTE | |
r-devel-linux-x86_64-debian-gcc | 1.1.2 | 1.92 | 24.55 | 26.47 | NOTE | |
r-devel-linux-x86_64-fedora-clang | 1.1.2 | 51.78 | NOTE | |||
r-devel-linux-x86_64-fedora-gcc | 1.1.2 | 64.03 | NOTE | |||
r-devel-windows-x86_64 | 1.1.2 | 3.00 | 62.00 | 65.00 | NOTE | |
r-patched-linux-x86_64 | 1.1.2 | 2.59 | 29.36 | 31.95 | NOTE | |
r-release-linux-x86_64 | 1.1.2 | 2.34 | 28.84 | 31.18 | NOTE | |
r-release-macos-arm64 | 1.1.2 | 27.00 | NOTE | |||
r-release-macos-x86_64 | 1.1.2 | 53.00 | NOTE | |||
r-release-windows-x86_64 | 1.1.2 | 4.00 | 64.00 | 68.00 | NOTE | |
r-oldrel-macos-arm64 | 1.1.2 | 24.00 | NOTE | |||
r-oldrel-macos-x86_64 | 1.1.2 | 45.00 | NOTE | |||
r-oldrel-windows-x86_64 | 1.1.2 | 3.00 | 64.00 | 67.00 | NOTE |
Version: 1.1.2
Check: CRAN incoming feasibility
Result: NOTE
Maintainer: ‘Michael P. Fay <mfay@niaid.nih.gov>’
No Authors@R field in DESCRIPTION.
Please add one, modifying
Authors@R: person(given = c("Michael", "P."),
family = "Fay",
role = c("aut", "cre"),
email = "mfay@niaid.nih.gov")
as necessary.
Flavors: r-devel-linux-x86_64-debian-clang, r-devel-linux-x86_64-debian-gcc
Version: 1.1.2
Check: Rd files
Result: NOTE
checkRd: (-1) deff.sigma.Rd:28: Lost braces in \itemize; meant \describe ?
checkRd: (-1) deff.sigma.Rd:29: Lost braces in \itemize; meant \describe ?
checkRd: (-1) deff.sigma.Rd:30: Lost braces in \itemize; meant \describe ?
checkRd: (-1) deff.sigma.Rd:31: Lost braces in \itemize; meant \describe ?
checkRd: (-1) deff.sigma.Rd:32: Lost braces in \itemize; meant \describe ?
checkRd: (-1) deff.sigma.Rd:33: Lost braces in \itemize; meant \describe ?
checkRd: (-1) deff.sigma.Rd:34: Lost braces in \itemize; meant \describe ?
checkRd: (-1) deff.sigma.Rd:35: Lost braces in \itemize; meant \describe ?
Flavors: r-devel-linux-x86_64-debian-clang, r-devel-linux-x86_64-debian-gcc, r-devel-linux-x86_64-fedora-clang, r-devel-linux-x86_64-fedora-gcc, r-devel-windows-x86_64, r-patched-linux-x86_64, r-release-linux-x86_64, r-release-macos-arm64, r-release-macos-x86_64, r-release-windows-x86_64, r-oldrel-macos-arm64, r-oldrel-macos-x86_64, r-oldrel-windows-x86_64