Last updated on 2024-06-17 06:50:19 CEST.
Flavor | Version | Tinstall | Tcheck | Ttotal | Status | Flags |
---|---|---|---|---|---|---|
r-devel-linux-x86_64-debian-clang | 0.1.0 | 54.29 | 23.21 | 77.50 | NOTE | |
r-devel-linux-x86_64-debian-gcc | 0.1.0 | 42.14 | 18.89 | 61.03 | NOTE | |
r-devel-linux-x86_64-fedora-clang | 0.1.0 | 111.06 | NOTE | |||
r-devel-linux-x86_64-fedora-gcc | 0.1.0 | 110.31 | NOTE | |||
r-devel-windows-x86_64 | 0.1.0 | 43.00 | 54.00 | 97.00 | NOTE | |
r-patched-linux-x86_64 | 0.1.0 | 55.96 | 23.15 | 79.11 | OK | |
r-release-linux-x86_64 | 0.1.0 | 54.07 | 23.02 | 77.09 | OK | |
r-release-macos-arm64 | 0.1.0 | 33.00 | NOTE | |||
r-release-macos-x86_64 | 0.1.0 | 49.00 | NOTE | |||
r-release-windows-x86_64 | 0.1.0 | 42.00 | 58.00 | 100.00 | OK | |
r-oldrel-macos-arm64 | 0.1.0 | 40.00 | NOTE | |||
r-oldrel-macos-x86_64 | 0.1.0 | 72.00 | NOTE | |||
r-oldrel-windows-x86_64 | 0.1.0 | 48.00 | 75.00 | 123.00 | OK |
Version: 0.1.0
Check: compiled code
Result: NOTE
File ‘heck/libs/heck.so’:
Found non-API calls to R: ‘SET_ENCLOS’, ‘SET_ENVFLAGS’, ‘SET_PRCODE’,
‘SET_PRENV’, ‘SET_PRVALUE’
Compiled code should not call non-API entry points in R.
See ‘Writing portable packages’ in the ‘Writing R Extensions’ manual.
Flavor: r-devel-linux-x86_64-debian-clang
Version: 0.1.0
Check: compiled code
Result: NOTE
File ‘heck/libs/heck.so’:
Found non-API calls to R: ‘ENVFLAGS’, ‘FRAME’, ‘HASHTAB’, ‘PRSEEN’,
‘SET_ENCLOS’, ‘SET_ENVFLAGS’, ‘SET_PRCODE’, ‘SET_PRENV’,
‘SET_PRVALUE’, ‘SYMVALUE’
Compiled code should not call non-API entry points in R.
See ‘Writing portable packages’ in the ‘Writing R Extensions’ manual.
Flavors: r-devel-linux-x86_64-debian-gcc, r-devel-linux-x86_64-fedora-clang, r-devel-linux-x86_64-fedora-gcc
Version: 0.1.0
Check: compiled code
Result: NOTE
File 'heck/libs/x64/heck.dll':
Found non-API calls to R: 'ENVFLAGS', 'FRAME', 'HASHTAB', 'PRSEEN',
'SET_ENCLOS', 'SET_ENVFLAGS', 'SET_PRCODE', 'SET_PRENV',
'SET_PRVALUE', 'SYMVALUE'
Compiled code should not call non-API entry points in R.
See 'Writing portable packages' in the 'Writing R Extensions' manual.
Flavor: r-devel-windows-x86_64
Version: 0.1.0
Check: installed package size
Result: NOTE
installed size is 7.3Mb
sub-directories of 1Mb or more:
libs 7.2Mb
Flavors: r-release-macos-arm64, r-release-macos-x86_64, r-oldrel-macos-arm64, r-oldrel-macos-x86_64