CRAN Package Check Results for Package hett

Last updated on 2025-07-22 12:49:35 CEST.

Flavor Version Tinstall Tcheck Ttotal Status Flags
r-devel-linux-x86_64-debian-clang 0.3-3 2.06 26.02 28.08 NOTE
r-devel-linux-x86_64-debian-gcc 0.3-3 1.90 21.86 23.76 NOTE
r-devel-linux-x86_64-fedora-clang 0.3-3 41.14 OK
r-devel-linux-x86_64-fedora-gcc 0.3-3 40.43 OK
r-devel-windows-x86_64 0.3-3 3.00 45.00 48.00 OK
r-patched-linux-x86_64 0.3-3 2.33 24.61 26.94 OK
r-release-linux-x86_64 0.3-3 2.14 24.44 26.58 OK
r-release-macos-arm64 0.3-3 19.00 OK
r-release-macos-x86_64 0.3-3 29.00 OK
r-release-windows-x86_64 0.3-3 3.00 48.00 51.00 OK
r-oldrel-macos-arm64 0.3-3 26.00 OK
r-oldrel-macos-x86_64 0.3-3 33.00 OK
r-oldrel-windows-x86_64 0.3-3 4.00 51.00 55.00 OK

Check Details

Version: 0.3-3
Check: CRAN incoming feasibility
Result: NOTE Maintainer: ‘Julian Taylor <julian.taylor@adelaide.edu.au>’ No Authors@R field in DESCRIPTION. Please add one, modifying Authors@R: person(given = "Julian", family = "Taylor", role = c("aut", "cre"), email = "julian.taylor@adelaide.edu.au") as necessary. Flavors: r-devel-linux-x86_64-debian-clang, r-devel-linux-x86_64-debian-gcc