Last updated on 2025-05-03 12:54:43 CEST.
Flavor | Version | Tinstall | Tcheck | Ttotal | Status | Flags |
---|---|---|---|---|---|---|
r-devel-linux-x86_64-debian-clang | 1.28.5 | 8.72 | 64.42 | 73.14 | OK | |
r-devel-linux-x86_64-debian-gcc | 1.28.5 | 6.22 | 46.83 | 53.05 | OK | |
r-devel-linux-x86_64-fedora-clang | 1.28.5 | 127.63 | OK | |||
r-devel-linux-x86_64-fedora-gcc | 1.28.5 | 125.38 | OK | |||
r-devel-windows-x86_64 | 1.28.5 | 12.00 | 93.00 | 105.00 | OK | |
r-patched-linux-x86_64 | 1.28.5 | 9.07 | 61.94 | 71.01 | OK | |
r-release-linux-x86_64 | OK | |||||
r-release-macos-arm64 | 1.28.5 | 47.00 | NOTE | |||
r-release-macos-x86_64 | 1.28.5 | 77.00 | NOTE | |||
r-release-windows-x86_64 | 1.28.5 | 14.00 | 93.00 | 107.00 | OK | |
r-oldrel-macos-arm64 | 1.28.5 | 49.00 | OK | |||
r-oldrel-macos-x86_64 | 1.28.5 | 285.00 | OK | |||
r-oldrel-windows-x86_64 | 1.28.5 | 15.00 | 110.00 | 125.00 | OK |
Version: 1.28.5
Check: re-building of vignette outputs
Result: NOTE
Note: skipping ‘hexagon_binning.Rnw’ due to unavailable dependencies:
'marray'
Flavors: r-release-macos-arm64, r-release-macos-x86_64