Last updated on 2025-05-03 21:51:20 CEST.
Flavor | Version | Tinstall | Tcheck | Ttotal | Status | Flags |
---|---|---|---|---|---|---|
r-devel-linux-x86_64-debian-clang | 1.2.0 | 1.64 | 19.55 | 21.19 | NOTE | |
r-devel-linux-x86_64-debian-gcc | 1.2.0 | 1.27 | 16.19 | 17.46 | NOTE | |
r-devel-linux-x86_64-fedora-clang | 1.2.0 | 32.17 | OK | |||
r-devel-linux-x86_64-fedora-gcc | 1.2.0 | 31.90 | OK | |||
r-devel-windows-x86_64 | 1.2.0 | 3.00 | 45.00 | 48.00 | OK | |
r-patched-linux-x86_64 | 1.2.0 | 1.65 | 18.90 | 20.55 | OK | |
r-release-linux-x86_64 | OK | |||||
r-release-macos-arm64 | 1.2.0 | 18.00 | OK | |||
r-release-macos-x86_64 | 1.2.0 | 27.00 | OK | |||
r-release-windows-x86_64 | 1.2.0 | 3.00 | 46.00 | 49.00 | OK | |
r-oldrel-macos-arm64 | 1.2.0 | 16.00 | NOTE | |||
r-oldrel-macos-x86_64 | 1.2.0 | 23.00 | NOTE | |||
r-oldrel-windows-x86_64 | 1.2.0 | 4.00 | 49.00 | 53.00 | NOTE |
Version: 1.2.0
Check: CRAN incoming feasibility
Result: NOTE
Maintainer: ‘Philip D. Waggoner <pdwaggoner@wm.edu>’
No Authors@R field in DESCRIPTION.
Please add one, modifying
Authors@R: person(given = c("Philip", "D."),
family = "Waggoner",
role = c("aut", "cre"),
email = "pdwaggoner@wm.edu")
as necessary.
Flavors: r-devel-linux-x86_64-debian-clang, r-devel-linux-x86_64-debian-gcc
Version: 1.2.0
Check: LazyData
Result: NOTE
'LazyData' is specified without a 'data' directory
Flavors: r-oldrel-macos-arm64, r-oldrel-macos-x86_64, r-oldrel-windows-x86_64