Last updated on 2025-05-03 21:51:20 CEST.
Flavor | Version | Tinstall | Tcheck | Ttotal | Status | Flags |
---|---|---|---|---|---|---|
r-devel-linux-x86_64-debian-clang | 1.0-2 | 2.35 | 25.18 | 27.53 | NOTE | |
r-devel-linux-x86_64-debian-gcc | 1.0-2 | 1.72 | 20.19 | 21.91 | NOTE | |
r-devel-linux-x86_64-fedora-clang | 1.0-2 | 43.41 | OK | |||
r-devel-linux-x86_64-fedora-gcc | 1.0-2 | 55.68 | OK | |||
r-devel-windows-x86_64 | 1.0-2 | 3.00 | 55.00 | 58.00 | OK | |
r-patched-linux-x86_64 | 1.0-2 | 2.37 | 23.89 | 26.26 | OK | |
r-release-linux-x86_64 | OK | |||||
r-release-macos-arm64 | 1.0-2 | 25.00 | OK | |||
r-release-macos-x86_64 | 1.0-2 | 44.00 | OK | |||
r-release-windows-x86_64 | 1.0-2 | 3.00 | 56.00 | 59.00 | OK | |
r-oldrel-macos-arm64 | 1.0-2 | 23.00 | OK | |||
r-oldrel-macos-x86_64 | 1.0-2 | 38.00 | OK | |||
r-oldrel-windows-x86_64 | 1.0-2 | 3.00 | 57.00 | 60.00 | OK |
Version: 1.0-2
Check: CRAN incoming feasibility
Result: NOTE
Maintainer: ‘Christoforos Anagnostopoulos <christoforos.anagnostopoulos06@imperial.ac.uk>’
No Authors@R field in DESCRIPTION.
Please add one, modifying
Authors@R: c(person(given = "Christoforos",
family = "Anagnostopoulos",
role = c("aut", "cre"),
email = "christoforos.anagnostopoulos06@imperial.ac.uk"),
person(given = c("David", "J."),
family = "Hand",
role = "aut",
email = "d.j.hand@imperial.ac.uk"))
as necessary.
Found the following (possibly) invalid file URI:
URI: hmeasure.net
From: README.md
The Description field contains
<http://link.springer.com/article/10.1007/s10994-009-5119-5>, which
Please use permanent DOI markup for linking to publications as in <doi:prefix/suffix>.
Flavors: r-devel-linux-x86_64-debian-clang, r-devel-linux-x86_64-debian-gcc