Last updated on 2025-05-03 12:54:44 CEST.
Flavor | Version | Tinstall | Tcheck | Ttotal | Status | Flags |
---|---|---|---|---|---|---|
r-devel-linux-x86_64-debian-clang | 1.2 | 2.61 | 24.34 | 26.95 | NOTE | |
r-devel-linux-x86_64-debian-gcc | 1.2 | 1.89 | 19.65 | 21.54 | NOTE | |
r-devel-linux-x86_64-fedora-clang | 1.2 | 41.87 | OK | |||
r-devel-linux-x86_64-fedora-gcc | 1.2 | 40.91 | OK | |||
r-devel-windows-x86_64 | 1.2 | 4.00 | 50.00 | 54.00 | OK | |
r-patched-linux-x86_64 | 1.2 | 2.25 | 23.30 | 25.55 | OK | |
r-release-linux-x86_64 | OK | |||||
r-release-macos-arm64 | 1.2 | 26.00 | OK | |||
r-release-macos-x86_64 | 1.2 | 36.00 | OK | |||
r-release-windows-x86_64 | 1.2 | 5.00 | 52.00 | 57.00 | OK | |
r-oldrel-macos-arm64 | 1.2 | 19.00 | OK | |||
r-oldrel-macos-x86_64 | 1.2 | 28.00 | OK | |||
r-oldrel-windows-x86_64 | 1.2 | 5.00 | 54.00 | 59.00 | OK |
Version: 1.2
Check: CRAN incoming feasibility
Result: NOTE
Maintainer: ‘Dustin Sallings <dustin@spy.net>’
No Authors@R field in DESCRIPTION.
Please add one, modifying
Authors@R: person(given = "Dustin",
family = "Sallings",
role = c("aut", "cre"),
email = "dustin@spy.net")
as necessary.
Flavors: r-devel-linux-x86_64-debian-clang, r-devel-linux-x86_64-debian-gcc