CRAN Package Check Results for Package hydroroute

Last updated on 2025-05-03 21:51:21 CEST.

Flavor Version Tinstall Tcheck Ttotal Status Flags
r-devel-linux-x86_64-debian-clang 0.1.2 4.01 180.02 184.03 OK
r-devel-linux-x86_64-debian-gcc 0.1.2 3.12 121.88 125.00 OK
r-devel-linux-x86_64-fedora-clang 0.1.2 282.89 OK
r-devel-linux-x86_64-fedora-gcc 0.1.2 298.25 OK
r-devel-windows-x86_64 0.1.2 6.00 0.00 6.00 FAIL
r-patched-linux-x86_64 0.1.2 4.49 172.86 177.35 OK
r-release-linux-x86_64 OK
r-release-macos-arm64 0.1.2 98.00 OK
r-release-macos-x86_64 0.1.2 158.00 OK
r-release-windows-x86_64 0.1.2 7.00 158.00 165.00 OK
r-oldrel-macos-arm64 0.1.2 80.00 OK
r-oldrel-macos-x86_64 0.1.2 150.00 OK
r-oldrel-windows-x86_64 0.1.2 8.00 223.00 231.00 OK

Check Details

Version: 0.1.2
Check: PDF version of manual
Result: FAIL Check process probably crashed or hung up for 20 minutes ... killed Most likely this happened in the example checks (?), if not, ignore the following last lines of example output: 2 S1 200000 2 2014-01-01 02:15:00 25.83 13.11 5.16600 5 3 S1 200000 2 2014-01-01 11:30:00 28.49 14.54 5.69800 5 4 S1 200000 2 2014-01-01 18:45:00 29.15 14.98 7.28750 4 5 S1 200000 2 2014-01-02 17:45:00 0.12 0.06 0.04000 3 6 S1 200000 2 2014-01-02 19:00:00 26.43 11.49 3.30375 8 ratio.y station.y 1 7.506297 S2 2 7.506297 S2 3 8.679245 S2 4 8.379747 S2 5 1.025052 S2 6 6.427105 S2 > > > > ### * <FOOTER> > ### > cleanEx() > options(digits = 7L) > base::cat("Time elapsed: ", proc.time() - base::get("ptime", pos = 'CheckExEnv'),"\n") Time elapsed: 15.8 0.43 16.25 NA NA > grDevices::dev.off() null device 1 > ### > ### Local variables: *** > ### mode: outline-minor *** > ### outline-regexp: "\\(> \\)?### [*]+" *** > ### End: *** > quit('no') ======== End of example output (where/before crash/hang up occured ?) ======== Flavor: r-devel-windows-x86_64