Last updated on 2025-07-28 12:50:06 CEST.
Flavor | Version | Tinstall | Tcheck | Ttotal | Status | Flags |
---|---|---|---|---|---|---|
r-devel-linux-x86_64-debian-clang | 0.100.2 | 17.17 | 143.98 | 161.15 | NOTE | |
r-devel-linux-x86_64-debian-gcc | 0.100.2 | 12.01 | 96.90 | 108.91 | NOTE | |
r-devel-linux-x86_64-fedora-clang | 0.100.2 | 232.45 | OK | |||
r-devel-linux-x86_64-fedora-gcc | 0.100.2 | 244.98 | OK | |||
r-devel-windows-x86_64 | 0.100.2 | 19.00 | 164.00 | 183.00 | NOTE | |
r-patched-linux-x86_64 | 0.100.2 | 17.38 | 134.43 | 151.81 | NOTE | |
r-release-linux-x86_64 | 0.100.2 | 15.82 | 135.14 | 150.96 | NOTE | |
r-release-macos-arm64 | 0.100.2 | 85.00 | OK | |||
r-release-macos-x86_64 | 0.100.2 | 138.00 | OK | |||
r-release-windows-x86_64 | 0.100.2 | 19.00 | 162.00 | 181.00 | NOTE | |
r-oldrel-macos-arm64 | 0.100.2 | 70.00 | OK | |||
r-oldrel-macos-x86_64 | 0.100.2 | 132.00 | OK | |||
r-oldrel-windows-x86_64 | 0.100.2 | 25.00 | 205.00 | 230.00 | OK |
Version: 0.100.2
Check: Rd cross-references
Result: NOTE
Found the following Rd file(s) with Rd \link{} targets missing package
anchors:
map-sel-poly.Rd: levelplot
Please provide package anchors for all Rd \link{} targets not in the
package itself and the base packages.
Flavors: r-devel-linux-x86_64-debian-clang, r-devel-linux-x86_64-debian-gcc, r-devel-windows-x86_64, r-patched-linux-x86_64, r-release-linux-x86_64, r-release-windows-x86_64