CRAN Package Check Results for Package hypr

Last updated on 2025-07-22 12:49:35 CEST.

Flavor Version Tinstall Tcheck Ttotal Status Flags
r-devel-linux-x86_64-debian-clang 0.2.8 10.29 78.50 88.79 NOTE
r-devel-linux-x86_64-debian-gcc 0.2.8 6.45 59.04 65.49 NOTE
r-devel-linux-x86_64-fedora-clang 0.2.8 128.28 NOTE
r-devel-linux-x86_64-fedora-gcc 0.2.8 141.49 NOTE
r-devel-windows-x86_64 0.2.8 10.00 84.00 94.00 NOTE
r-patched-linux-x86_64 0.2.8 10.09 72.88 82.97 NOTE
r-release-linux-x86_64 0.2.8 9.50 74.17 83.67 NOTE
r-release-macos-arm64 0.2.8 56.00 NOTE
r-release-macos-x86_64 0.2.8 96.00 NOTE
r-release-windows-x86_64 0.2.8 10.00 89.00 99.00 NOTE
r-oldrel-macos-arm64 0.2.8 46.00 OK
r-oldrel-macos-x86_64 0.2.8 73.00 OK
r-oldrel-windows-x86_64 0.2.8 14.00 109.00 123.00 OK

Check Details

Version: 0.2.8
Check: DESCRIPTION meta-information
Result: NOTE Missing dependency on R >= 4.1.0 because package code uses the pipe |> or function shorthand \(...) syntax added in R 4.1.0. File(s) using such syntax: ‘equations.R’ Flavors: r-devel-linux-x86_64-debian-clang, r-devel-linux-x86_64-debian-gcc, r-devel-linux-x86_64-fedora-clang, r-devel-linux-x86_64-fedora-gcc, r-devel-windows-x86_64, r-patched-linux-x86_64, r-release-linux-x86_64, r-release-macos-arm64, r-release-macos-x86_64, r-release-windows-x86_64