Last updated on 2025-05-03 21:51:21 CEST.
Flavor | Version | Tinstall | Tcheck | Ttotal | Status | Flags |
---|---|---|---|---|---|---|
r-devel-linux-x86_64-debian-clang | 2.1.2 | 6.69 | 239.38 | 246.07 | NOTE | |
r-devel-linux-x86_64-debian-gcc | 2.1.2 | 4.34 | 187.07 | 191.41 | NOTE | |
r-devel-linux-x86_64-fedora-clang | 2.1.2 | 366.51 | OK | |||
r-devel-linux-x86_64-fedora-gcc | 2.1.2 | 403.26 | OK | |||
r-devel-windows-x86_64 | 2.1.2 | 7.00 | 286.00 | 293.00 | OK | |
r-patched-linux-x86_64 | 2.1.2 | 5.59 | 229.56 | 235.15 | OK | |
r-release-linux-x86_64 | OK | |||||
r-release-macos-arm64 | 2.1.2 | 343.00 | OK | |||
r-release-macos-x86_64 | 2.1.2 | 393.00 | OK | |||
r-release-windows-x86_64 | 2.1.2 | 8.00 | 303.00 | 311.00 | OK | |
r-oldrel-macos-arm64 | 2.1.2 | 262.00 | OK | |||
r-oldrel-macos-x86_64 | 2.1.2 | 315.00 | OK | |||
r-oldrel-windows-x86_64 | 2.1.2 | 10.00 | 354.00 | 364.00 | OK |
Version: 2.1.2
Check: CRAN incoming feasibility
Result: NOTE
Maintainer: ‘Przemyslaw Biecek <przemyslaw.biecek@gmail.com>’
The Description field contains
article (Gosiewska and Biecek 2019) <arXiv:1903.11420> This package is
a part of the 'DrWhy.AI' universe (Biecek 2018) <arXiv:1806.08915>.
Please refer to arXiv e-prints via their arXiv DOI <doi:10.48550/arXiv.YYMM.NNNNN>.
Flavors: r-devel-linux-x86_64-debian-clang, r-devel-linux-x86_64-debian-gcc