Last updated on 2025-05-03 12:54:44 CEST.
Flavor | Version | Tinstall | Tcheck | Ttotal | Status | Flags |
---|---|---|---|---|---|---|
r-devel-linux-x86_64-debian-clang | 1.0.2 | 2.11 | 89.56 | 91.67 | NOTE | |
r-devel-linux-x86_64-debian-gcc | 1.0.2 | 1.64 | 58.52 | 60.16 | NOTE | |
r-devel-linux-x86_64-fedora-clang | 1.0.2 | 162.04 | OK | |||
r-devel-linux-x86_64-fedora-gcc | 1.0.2 | 168.19 | OK | |||
r-devel-windows-x86_64 | 1.0.2 | 3.00 | 106.00 | 109.00 | OK | |
r-patched-linux-x86_64 | 1.0.2 | 2.15 | 85.65 | 87.80 | OK | |
r-release-linux-x86_64 | OK | |||||
r-release-macos-arm64 | 1.0.2 | 62.00 | OK | |||
r-release-macos-x86_64 | 1.0.2 | 114.00 | OK | |||
r-release-windows-x86_64 | 1.0.2 | 3.00 | 107.00 | 110.00 | OK | |
r-oldrel-macos-arm64 | 1.0.2 | 54.00 | NOTE | |||
r-oldrel-macos-x86_64 | 1.0.2 | 104.00 | NOTE | |||
r-oldrel-windows-x86_64 | 1.0.2 | 4.00 | 140.00 | 144.00 | NOTE |
Version: 1.0.2
Check: CRAN incoming feasibility
Result: NOTE
Maintainer: ‘Nanne Aben <nanne.aben@gmail.com>’
No Authors@R field in DESCRIPTION.
Please add one, modifying
Authors@R: person(given = "Nanne",
family = "Aben",
role = c("aut", "cre"),
email = "nanne.aben@gmail.com")
as necessary.
Flavors: r-devel-linux-x86_64-debian-clang, r-devel-linux-x86_64-debian-gcc
Version: 1.0.2
Check: LazyData
Result: NOTE
'LazyData' is specified without a 'data' directory
Flavors: r-oldrel-macos-arm64, r-oldrel-macos-x86_64, r-oldrel-windows-x86_64