Last updated on 2024-06-16 11:57:58 CEST.
Flavor | Version | Tinstall | Tcheck | Ttotal | Status | Flags |
---|---|---|---|---|---|---|
r-devel-linux-x86_64-debian-clang | 0.6.0 | 4.29 | 49.54 | 53.83 | OK | |
r-devel-linux-x86_64-debian-gcc | 0.6.0 | 3.26 | 38.90 | 42.16 | OK | |
r-devel-linux-x86_64-fedora-clang | 0.6.0 | 68.16 | NOTE | |||
r-devel-linux-x86_64-fedora-gcc | 0.6.0 | 62.92 | NOTE | |||
r-devel-windows-x86_64 | 0.6.0 | 4.00 | 63.00 | 67.00 | OK | |
r-patched-linux-x86_64 | 0.6.0 | 4.35 | 50.19 | 54.54 | OK | |
r-release-linux-x86_64 | 0.6.0 | 3.59 | 49.28 | 52.87 | OK | |
r-release-macos-arm64 | 0.6.0 | 25.00 | OK | |||
r-release-macos-x86_64 | 0.6.0 | 38.00 | OK | |||
r-release-windows-x86_64 | 0.6.0 | 6.00 | 62.00 | 68.00 | OK | |
r-oldrel-macos-arm64 | 0.6.0 | 31.00 | OK | |||
r-oldrel-macos-x86_64 | 0.6.0 | 50.00 | OK | |||
r-oldrel-windows-x86_64 | 0.6.0 | 7.00 | 73.00 | 80.00 | OK |
Version: 0.6.0
Check: data for non-ASCII characters
Result: NOTE
Note: found 1 marked UTF-8 string
Flavors: r-devel-linux-x86_64-fedora-clang, r-devel-linux-x86_64-fedora-gcc