Last updated on 2025-07-22 12:49:35 CEST.
Flavor | Version | Tinstall | Tcheck | Ttotal | Status | Flags |
---|---|---|---|---|---|---|
r-devel-linux-x86_64-debian-clang | 1.1.2 | 15.05 | 687.01 | 702.06 | NOTE | |
r-devel-linux-x86_64-debian-gcc | 1.1.2 | 10.22 | 484.38 | 494.60 | NOTE | |
r-devel-linux-x86_64-fedora-clang | 1.1.2 | 1063.52 | OK | |||
r-devel-linux-x86_64-fedora-gcc | 1.1.2 | 1002.30 | OK | |||
r-devel-windows-x86_64 | 1.1.2 | 17.00 | 615.00 | 632.00 | OK | |
r-patched-linux-x86_64 | 1.1.2 | 14.52 | 650.98 | 665.50 | OK | |
r-release-linux-x86_64 | 1.1.2 | 13.43 | 654.23 | 667.66 | OK | |
r-release-macos-arm64 | 1.1.2 | 350.00 | OK | |||
r-release-macos-x86_64 | 1.1.2 | 575.00 | OK | |||
r-release-windows-x86_64 | 1.1.2 | 15.00 | 616.00 | 631.00 | OK | |
r-oldrel-macos-arm64 | 1.1.2 | 292.00 | OK | |||
r-oldrel-macos-x86_64 | 1.1.2 | 438.00 | OK | |||
r-oldrel-windows-x86_64 | 1.1.2 | 21.00 | 825.00 | 846.00 | OK |
Version: 1.1.2
Check: CRAN incoming feasibility
Result: NOTE
Maintainer: ‘Josep L. Carrasco <jlcarrasco@ub.edu>’
No Authors@R field in DESCRIPTION.
Please add one, modifying
Authors@R: person(given = c("Josep", "L."),
family = "Carrasco",
role = c("aut", "cre"),
email = "jlcarrasco@ub.edu")
as necessary.
Flavors: r-devel-linux-x86_64-debian-clang, r-devel-linux-x86_64-debian-gcc