Last updated on 2024-06-17 06:50:20 CEST.
Flavor | Version | Tinstall | Tcheck | Ttotal | Status | Flags |
---|---|---|---|---|---|---|
r-devel-linux-x86_64-debian-clang | 1.0.3 | 43.49 | 70.93 | 114.42 | NOTE | |
r-devel-linux-x86_64-debian-gcc | 1.0.3 | 31.20 | 52.00 | 83.20 | NOTE | |
r-devel-linux-x86_64-fedora-clang | 1.0.3 | 166.48 | NOTE | |||
r-devel-linux-x86_64-fedora-gcc | 1.0.3 | 159.55 | NOTE | |||
r-devel-windows-x86_64 | 1.0.3 | 43.00 | 90.00 | 133.00 | NOTE | |
r-patched-linux-x86_64 | 1.0.3 | 44.98 | 67.40 | 112.38 | NOTE | |
r-release-linux-x86_64 | 1.0.3 | 41.70 | 67.14 | 108.84 | NOTE | |
r-release-macos-arm64 | 1.0.3 | 39.00 | NOTE | |||
r-release-macos-x86_64 | 1.0.3 | 81.00 | NOTE | |||
r-release-windows-x86_64 | 1.0.3 | 44.00 | 107.00 | 151.00 | NOTE | |
r-oldrel-macos-arm64 | 1.0.3 | 39.00 | NOTE | |||
r-oldrel-macos-x86_64 | 1.0.3 | 70.00 | NOTE | |||
r-oldrel-windows-x86_64 | 1.0.3 | 51.00 | 112.00 | 163.00 | NOTE |
Version: 1.0.3
Check: C++ specification
Result: NOTE
Specified C++11: please drop specification unless essential
Flavors: r-devel-linux-x86_64-debian-clang, r-devel-linux-x86_64-debian-gcc, r-devel-linux-x86_64-fedora-clang, r-devel-linux-x86_64-fedora-gcc, r-devel-windows-x86_64, r-patched-linux-x86_64, r-release-linux-x86_64, r-release-macos-arm64, r-release-macos-x86_64, r-release-windows-x86_64, r-oldrel-macos-arm64, r-oldrel-macos-x86_64, r-oldrel-windows-x86_64
Version: 1.0.3
Check: Rd cross-references
Result: NOTE
Undeclared packages ‘mlogit’, ‘logitr’ in Rd xrefs
Flavor: r-devel-linux-x86_64-fedora-clang