Last updated on 2025-05-03 21:51:21 CEST.
Flavor | Version | Tinstall | Tcheck | Ttotal | Status | Flags |
---|---|---|---|---|---|---|
r-devel-linux-x86_64-debian-clang | 1.0.1 | 9.91 | 603.91 | 613.82 | NOTE | |
r-devel-linux-x86_64-debian-gcc | 1.0.1 | 6.22 | 391.94 | 398.16 | NOTE | |
r-devel-linux-x86_64-fedora-clang | 1.0.1 | 1015.13 | NOTE | |||
r-devel-linux-x86_64-fedora-gcc | 1.0.1 | 968.51 | NOTE | |||
r-devel-windows-x86_64 | 1.0.1 | 11.00 | 537.00 | 548.00 | NOTE | |
r-patched-linux-x86_64 | 1.0.1 | 9.98 | 579.57 | 589.55 | NOTE | |
r-release-linux-x86_64 | NOTE | |||||
r-release-macos-arm64 | 1.0.1 | 238.00 | NOTE | |||
r-release-macos-x86_64 | 1.0.1 | 521.00 | NOTE | |||
r-release-windows-x86_64 | 1.0.1 | 11.00 | 535.00 | 546.00 | NOTE | |
r-oldrel-macos-arm64 | 1.0.1 | 185.00 | OK | |||
r-oldrel-macos-x86_64 | 1.0.1 | 363.00 | OK | |||
r-oldrel-windows-x86_64 | 1.0.1 | 14.00 | 726.00 | 740.00 | OK |
Version: 1.0.1
Check: DESCRIPTION meta-information
Result: NOTE
Missing dependency on R >= 4.1.0 because package code uses the pipe
|> or function shorthand \(...) syntax added in R 4.1.0.
File(s) using such syntax:
‘calibrate_LLR.R’ ‘concordance.R’ ‘contentmask.R’ ‘create_corpus.R’
‘delta.R’ ‘density_plot.R’ ‘impostors.R’ ‘lambdaG.R’ ‘lambdaG.Rd’
‘lambdaG_visualize.R’ ‘lambdaG_visualize.Rd’ ‘most_similar.Rd’
‘ngram_tracing.R’ ‘performance.R’ ‘posterior.R’ ‘tokenize_sents.R’
‘utils.R’ ‘vectorize.R’
Flavors: r-devel-linux-x86_64-debian-clang, r-devel-linux-x86_64-debian-gcc, r-devel-linux-x86_64-fedora-clang, r-devel-linux-x86_64-fedora-gcc, r-devel-windows-x86_64, r-patched-linux-x86_64, r-release-linux-x86_64, r-release-macos-arm64, r-release-windows-x86_64
Version: 1.0.1
Check: DESCRIPTION meta-information
Result: NOTE
Missing dependency on R >= 4.1.0 because package code uses the pipe
|> or function shorthand \(...) syntax added in R 4.1.0.
File(s) using such syntax:
‘calibrate_LLR.R’ ‘concordance.R’ ‘contentmask.R’ ‘create_corpus.R’
‘delta.R’ ‘density_plot.R’ ‘impostors.R’ ‘lambdaG.R’
‘lambdaG_visualize.R’ ‘ngram_tracing.R’ ‘performance.R’ ‘posterior.R’
‘tokenize_sents.R’ ‘utils.R’ ‘vectorize.R’
Flavor: r-release-macos-x86_64