Last updated on 2024-06-16 11:57:58 CEST.
Flavor | Version | Tinstall | Tcheck | Ttotal | Status | Flags |
---|---|---|---|---|---|---|
r-devel-linux-x86_64-debian-clang | 1.0.4 | 2.49 | 141.34 | 143.83 | OK | |
r-devel-linux-x86_64-debian-gcc | 1.0.4 | 2.73 | 126.33 | 129.06 | OK | |
r-devel-linux-x86_64-fedora-clang | 1.0.4 | 193.13 | NOTE | |||
r-devel-linux-x86_64-fedora-gcc | 1.0.4 | 188.54 | NOTE | |||
r-devel-windows-x86_64 | 1.0.4 | 5.00 | 209.00 | 214.00 | OK | |
r-patched-linux-x86_64 | 1.0.4 | 4.25 | 142.19 | 146.44 | OK | |
r-release-linux-x86_64 | 1.0.4 | 3.69 | 138.84 | 142.53 | OK | |
r-release-macos-arm64 | 1.0.4 | 88.00 | OK | |||
r-release-macos-x86_64 | 1.0.4 | 111.00 | OK | |||
r-release-windows-x86_64 | 1.0.4 | 5.00 | 221.00 | 226.00 | OK | |
r-oldrel-macos-arm64 | 1.0.4 | 98.00 | OK | |||
r-oldrel-macos-x86_64 | 1.0.4 | 217.00 | OK | |||
r-oldrel-windows-x86_64 | 1.0.4 | 4.00 | 220.00 | 224.00 | OK |
Version: 1.0.4
Check: data for non-ASCII characters
Result: NOTE
Note: found 4 marked UTF-8 strings
Flavors: r-devel-linux-x86_64-fedora-clang, r-devel-linux-x86_64-fedora-gcc