Last updated on 2024-06-16 11:57:58 CEST.
Flavor | Version | Tinstall | Tcheck | Ttotal | Status | Flags |
---|---|---|---|---|---|---|
r-devel-linux-x86_64-debian-clang | 1.0.5 | 40.43 | 468.76 | 509.19 | OK | |
r-devel-linux-x86_64-debian-gcc | 1.0.5 | 30.16 | 349.55 | 379.71 | OK | |
r-devel-linux-x86_64-fedora-clang | 1.0.5 | 644.50 | NOTE | |||
r-devel-linux-x86_64-fedora-gcc | 1.0.5 | 627.00 | OK | |||
r-devel-windows-x86_64 | 1.0.5 | 32.00 | 604.00 | 636.00 | OK | |
r-patched-linux-x86_64 | 1.0.5 | 39.63 | 449.86 | 489.49 | OK | |
r-release-linux-x86_64 | 1.0.5 | 34.00 | 441.58 | 475.58 | OK | |
r-release-macos-arm64 | 1.0.5 | 136.00 | OK | |||
r-release-macos-x86_64 | 1.0.5 | 244.00 | OK | |||
r-release-windows-x86_64 | 1.0.5 | 31.00 | 539.00 | 570.00 | OK | |
r-oldrel-macos-arm64 | 1.0.5 | 160.00 | OK | |||
r-oldrel-macos-x86_64 | 1.0.5 | 281.00 | OK | |||
r-oldrel-windows-x86_64 | 1.0.5 | 42.00 | 661.00 | 703.00 | OK |
Version: 1.0.5
Check: package dependencies
Result: NOTE
Imports includes 31 non-default packages.
Importing from so many packages makes the package vulnerable to any of
them becoming unavailable. Move as many as possible to Suggests and
use conditionally.
Flavor: r-devel-linux-x86_64-fedora-clang