CRAN Package Check Results for Package imagerExtra

Last updated on 2025-07-22 12:49:35 CEST.

Flavor Version Tinstall Tcheck Ttotal Status Flags
r-devel-linux-x86_64-debian-clang 1.3.2 58.42 71.69 130.11 NOTE
r-devel-linux-x86_64-debian-gcc 1.3.2 39.92 56.62 96.54 NOTE
r-devel-linux-x86_64-fedora-clang 1.3.2 223.12 OK
r-devel-linux-x86_64-fedora-gcc 1.3.2 225.60 OK
r-devel-windows-x86_64 1.3.2 67.00 121.00 188.00 OK
r-patched-linux-x86_64 1.3.2 57.36 68.40 125.76 OK
r-release-linux-x86_64 1.3.2 59.30 69.68 128.98 OK
r-release-macos-arm64 1.3.2 74.00 OK
r-release-macos-x86_64 1.3.2 120.00 OK
r-release-windows-x86_64 1.3.2 64.00 114.00 178.00 OK
r-oldrel-macos-arm64 1.3.2 68.00 OK
r-oldrel-macos-x86_64 1.3.2 81.00 OK
r-oldrel-windows-x86_64 1.3.2 76.00 134.00 210.00 OK

Check Details

Version: 1.3.2
Check: CRAN incoming feasibility
Result: NOTE Maintainer: ‘Shota Ochi <shotaochi1990@gmail.com>’ Found the following URLs which should use \doi (with the DOI name only): File ‘BalanceSimplest.Rd’: https://doi.org/10.5201/ipol.2011.llmps-scb File ‘DenoiseDCT.Rd’: https://doi.org/10.5201/ipol.2011.ys-dct File ‘EqualizePiecewise.Rd’: https://doi.org/10.5201/ipol.2012.lps-pae File ‘SPE.Rd’: https://doi.org/10.5201/ipol.2014.84 Flavors: r-devel-linux-x86_64-debian-clang, r-devel-linux-x86_64-debian-gcc