Last updated on 2025-05-03 21:51:21 CEST.
Flavor | Version | Tinstall | Tcheck | Ttotal | Status | Flags |
---|---|---|---|---|---|---|
r-devel-linux-x86_64-debian-clang | 0.5.0 | 9.72 | 100.20 | 109.92 | NOTE | |
r-devel-linux-x86_64-debian-gcc | 0.5.0 | 7.22 | 70.91 | 78.13 | NOTE | |
r-devel-linux-x86_64-fedora-clang | 0.5.0 | 169.13 | NOTE | |||
r-devel-linux-x86_64-fedora-gcc | 0.5.0 | 177.78 | NOTE | |||
r-devel-windows-x86_64 | 0.5.0 | 11.00 | 104.00 | 115.00 | NOTE | |
r-patched-linux-x86_64 | 0.5.0 | 10.39 | 90.22 | 100.61 | NOTE | |
r-release-linux-x86_64 | NOTE | |||||
r-release-macos-arm64 | 0.5.0 | 65.00 | NOTE | |||
r-release-macos-x86_64 | 0.5.0 | 100.00 | NOTE | |||
r-release-windows-x86_64 | 0.5.0 | 12.00 | 102.00 | 114.00 | NOTE | |
r-oldrel-macos-arm64 | 0.5.0 | 50.00 | NOTE | |||
r-oldrel-macos-x86_64 | 0.5.0 | 79.00 | NOTE | |||
r-oldrel-windows-x86_64 | 0.5.0 | 16.00 | 128.00 | 144.00 | NOTE |
Version: 0.5.0
Check: CRAN incoming feasibility
Result: NOTE
Maintainer: ‘Juergen Niedballa <niedballa@izw-berlin.de>’
The Description field contains
<arXiv:1505.04597> and the U-Net++ architecture by Zhou et al. (2018)
<arXiv:1807.10165>. We provide pre-trained models for assessing canopy
Please refer to arXiv e-prints via their arXiv DOI <doi:10.48550/arXiv.YYMM.NNNNN>.
Flavors: r-devel-linux-x86_64-debian-clang, r-devel-linux-x86_64-debian-gcc
Version: 0.5.0
Check: Rd files
Result: NOTE
checkRd: (-1) imagesToKerasInput.Rd:23: Lost braces
23 | \item{grayscale}{logical. Defines color channels of images: 1 if code{TRUE}, 3 if \code{FALSE}.}
| ^
Flavors: r-devel-linux-x86_64-debian-clang, r-devel-linux-x86_64-debian-gcc, r-devel-linux-x86_64-fedora-clang, r-devel-linux-x86_64-fedora-gcc, r-devel-windows-x86_64, r-patched-linux-x86_64, r-release-linux-x86_64, r-release-macos-arm64, r-release-macos-x86_64, r-release-windows-x86_64, r-oldrel-macos-arm64, r-oldrel-macos-x86_64, r-oldrel-windows-x86_64