Last updated on 2025-05-03 12:54:44 CEST.
Flavor | Version | Tinstall | Tcheck | Ttotal | Status | Flags |
---|---|---|---|---|---|---|
r-devel-linux-x86_64-debian-clang | 0.5 | 1.87 | 27.05 | 28.92 | NOTE | |
r-devel-linux-x86_64-debian-gcc | 0.5 | 1.61 | 21.88 | 23.49 | NOTE | |
r-devel-linux-x86_64-fedora-clang | 0.5 | 47.12 | OK | |||
r-devel-linux-x86_64-fedora-gcc | 0.5 | 62.16 | OK | |||
r-devel-windows-x86_64 | 0.5 | 3.00 | 49.00 | 52.00 | OK | |
r-patched-linux-x86_64 | 0.5 | 2.25 | 26.26 | 28.51 | OK | |
r-release-linux-x86_64 | OK | |||||
r-release-macos-arm64 | 0.5 | 25.00 | OK | |||
r-release-macos-x86_64 | 0.5 | 57.00 | OK | |||
r-release-windows-x86_64 | 0.5 | 3.00 | 49.00 | 52.00 | OK | |
r-oldrel-macos-arm64 | 0.5 | 23.00 | OK | |||
r-oldrel-macos-x86_64 | 0.5 | 41.00 | OK | |||
r-oldrel-windows-x86_64 | 0.5 | 5.00 | 55.00 | 60.00 | OK |
Version: 0.5
Check: CRAN incoming feasibility
Result: NOTE
Maintainer: ‘Jonas Christoffer Lindstrøm <jonaslindstrom88@gmail.com>’
No Authors@R field in DESCRIPTION.
Please add one, modifying
Authors@R: person(given = c("Jonas", "Christoffer"),
family = "Lindstrøm",
role = c("aut", "cre"),
email = "jonaslindstrom88@gmail.com")
as necessary.
Flavors: r-devel-linux-x86_64-debian-clang, r-devel-linux-x86_64-debian-gcc