Last updated on 2025-05-06 06:49:57 CEST.
Flavor | Version | Tinstall | Tcheck | Ttotal | Status | Flags |
---|---|---|---|---|---|---|
r-devel-linux-x86_64-debian-clang | 0.0.4 | 32.77 | 54.11 | 86.88 | NOTE | |
r-devel-linux-x86_64-debian-gcc | 0.0.4 | 24.00 | 41.30 | 65.30 | NOTE | |
r-devel-linux-x86_64-fedora-clang | 0.0.4 | 138.02 | NOTE | |||
r-devel-linux-x86_64-fedora-gcc | 0.0.4 | 160.82 | NOTE | |||
r-devel-windows-x86_64 | 0.0.4 | 35.00 | 86.00 | 121.00 | NOTE | |
r-patched-linux-x86_64 | 0.0.4 | 30.74 | 51.64 | 82.38 | NOTE | |
r-release-linux-x86_64 | 0.0.4 | 37.06 | 51.67 | 88.73 | NOTE | |
r-release-macos-arm64 | 0.0.4 | 48.00 | NOTE | |||
r-release-macos-x86_64 | 0.0.4 | 87.00 | NOTE | |||
r-release-windows-x86_64 | 0.0.4 | 35.00 | 84.00 | 119.00 | NOTE | |
r-oldrel-macos-arm64 | 0.0.4 | 42.00 | NOTE | |||
r-oldrel-macos-x86_64 | 0.0.4 | 64.00 | NOTE | |||
r-oldrel-windows-x86_64 | 0.0.4 | 43.00 | 102.00 | 145.00 | NOTE |
Version: 0.0.4
Check: CRAN incoming feasibility
Result: NOTE
Maintainer: ‘Luca Sartore <drwolf85@gmail.com>’
No Authors@R field in DESCRIPTION.
Please add one, modifying
Authors@R: c(person(given = "Luca",
family = "Sartore",
role = c("aut", "cre"),
email = "luca.sartore@usda.gov"),
person(given = "Kelly",
family = "Toppin",
role = "aut",
email = "kelly.toppin@nass.usda.gov"))
as necessary.
Flavors: r-devel-linux-x86_64-debian-clang, r-devel-linux-x86_64-debian-gcc
Version: 0.0.4
Check: C++ specification
Result: NOTE
Specified C++11: please drop specification unless essential
Flavors: r-devel-linux-x86_64-debian-clang, r-devel-linux-x86_64-debian-gcc, r-devel-linux-x86_64-fedora-clang, r-devel-linux-x86_64-fedora-gcc, r-devel-windows-x86_64, r-patched-linux-x86_64, r-release-linux-x86_64, r-release-macos-arm64, r-release-macos-x86_64, r-release-windows-x86_64, r-oldrel-macos-arm64, r-oldrel-macos-x86_64, r-oldrel-windows-x86_64