Last updated on 2025-05-06 12:49:41 CEST.
Flavor | Version | Tinstall | Tcheck | Ttotal | Status | Flags |
---|---|---|---|---|---|---|
r-devel-linux-x86_64-debian-clang | 0.0.1 | 7.06 | 56.43 | 63.49 | NOTE | |
r-devel-linux-x86_64-debian-gcc | 0.0.1 | 4.70 | 42.32 | 47.02 | NOTE | |
r-devel-linux-x86_64-fedora-clang | 0.0.1 | 101.08 | OK | |||
r-devel-linux-x86_64-fedora-gcc | 0.0.1 | 101.45 | OK | |||
r-devel-windows-x86_64 | 0.0.1 | 7.00 | 71.00 | 78.00 | OK | |
r-patched-linux-x86_64 | 0.0.1 | 6.95 | 53.67 | 60.62 | OK | |
r-release-linux-x86_64 | 0.0.1 | 6.50 | 52.92 | 59.42 | OK | |
r-release-macos-arm64 | 0.0.1 | 34.00 | OK | |||
r-release-macos-x86_64 | 0.0.1 | 56.00 | OK | |||
r-release-windows-x86_64 | 0.0.1 | 7.00 | 72.00 | 79.00 | OK | |
r-oldrel-macos-arm64 | 0.0.1 | 31.00 | OK | |||
r-oldrel-macos-x86_64 | 0.0.1 | 44.00 | OK | |||
r-oldrel-windows-x86_64 | 0.0.1 | 9.00 | 84.00 | 93.00 | OK |
Version: 0.0.1
Check: CRAN incoming feasibility
Result: NOTE
Maintainer: ‘Jared Huling <jaredhuling@gmail.com>’
The Description field contains
proposed in Huling, Greifer, and Chen (2021) <arxiv:2107.07086>.
Please refer to arXiv e-prints via their arXiv DOI <doi:10.48550/arXiv.YYMM.NNNNN>.
Flavors: r-devel-linux-x86_64-debian-clang, r-devel-linux-x86_64-debian-gcc