Last updated on 2025-05-06 06:49:57 CEST.
Flavor | Version | Tinstall | Tcheck | Ttotal | Status | Flags |
---|---|---|---|---|---|---|
r-devel-linux-x86_64-debian-clang | 0.1 | 1.88 | 21.83 | 23.71 | NOTE | |
r-devel-linux-x86_64-debian-gcc | 0.1-1 | 2.29 | 17.57 | 19.86 | OK | |
r-devel-linux-x86_64-fedora-clang | 0.1-1 | 38.51 | OK | |||
r-devel-linux-x86_64-fedora-gcc | 0.1-1 | 37.76 | OK | |||
r-devel-windows-x86_64 | 0.1-1 | 6.00 | 45.00 | 51.00 | OK | |
r-patched-linux-x86_64 | 0.1 | 2.32 | 21.48 | 23.80 | NOTE | |
r-release-linux-x86_64 | 0.1 | 2.10 | 21.30 | 23.40 | NOTE | |
r-release-macos-arm64 | 0.1-1 | 20.00 | OK | |||
r-release-macos-x86_64 | 0.1-1 | 30.00 | OK | |||
r-release-windows-x86_64 | 0.1-1 | 10.00 | 63.00 | 73.00 | OK | |
r-oldrel-macos-arm64 | 0.1-1 | 24.00 | OK | |||
r-oldrel-macos-x86_64 | 0.1-1 | 33.00 | OK | |||
r-oldrel-windows-x86_64 | 0.1-1 | 11.00 | 51.00 | 62.00 | OK |
Version: 0.1
Check: Rd cross-references
Result: NOTE
Found the following Rd file(s) with Rd \link{} targets missing package
anchors:
cooks.distance.Rd: ols, lad, ridge
leverages.Rd: ols, ridge
logLik.displacement.Rd: ols, lad, ridge
Please provide package anchors for all Rd \link{} targets not in the
package itself and the base packages.
Flavors: r-devel-linux-x86_64-debian-clang, r-patched-linux-x86_64, r-release-linux-x86_64