Last updated on 2025-05-07 06:49:52 CEST.
Flavor | Version | Tinstall | Tcheck | Ttotal | Status | Flags |
---|---|---|---|---|---|---|
r-devel-linux-x86_64-debian-clang | 0.6.2 | 4.23 | 33.05 | 37.28 | NOTE | |
r-devel-linux-x86_64-debian-gcc | 0.6.2 | 2.96 | 24.43 | 27.39 | NOTE | |
r-devel-linux-x86_64-fedora-clang | 0.6.2 | 56.14 | NOTE | |||
r-devel-linux-x86_64-fedora-gcc | 0.6.2 | 57.95 | NOTE | |||
r-devel-windows-x86_64 | 0.6.2 | 6.00 | 55.00 | 61.00 | NOTE | |
r-patched-linux-x86_64 | 0.6.2 | 4.08 | 30.05 | 34.13 | NOTE | |
r-release-linux-x86_64 | 0.6.2 | 3.54 | 30.50 | 34.04 | NOTE | |
r-release-macos-arm64 | 0.6.2 | 20.00 | NOTE | |||
r-release-macos-x86_64 | 0.6.2 | 34.00 | NOTE | |||
r-release-windows-x86_64 | 0.6.2 | 5.00 | 58.00 | 63.00 | NOTE | |
r-oldrel-macos-arm64 | 0.6.2 | 19.00 | NOTE | |||
r-oldrel-macos-x86_64 | 0.6.2 | 28.00 | NOTE | |||
r-oldrel-windows-x86_64 | 0.6.2 | 5.00 | 62.00 | 67.00 | NOTE |
Version: 0.6.2
Check: package subdirectories
Result: NOTE
Problems with news in ‘NEWS.md’:
No news entries found.
Flavors: r-devel-linux-x86_64-debian-clang, r-devel-linux-x86_64-debian-gcc, r-devel-linux-x86_64-fedora-clang, r-devel-linux-x86_64-fedora-gcc, r-devel-windows-x86_64, r-patched-linux-x86_64, r-release-linux-x86_64, r-release-macos-arm64, r-release-macos-x86_64, r-release-windows-x86_64, r-oldrel-macos-arm64, r-oldrel-macos-x86_64, r-oldrel-windows-x86_64