CRAN Package Check Results for Package ini

Last updated on 2025-05-03 21:51:21 CEST.

Flavor Version Tinstall Tcheck Ttotal Status Flags
r-devel-linux-x86_64-debian-clang 0.3.1 1.57 18.60 20.17 NOTE
r-devel-linux-x86_64-debian-gcc 0.3.1 1.22 15.70 16.92 NOTE
r-devel-linux-x86_64-fedora-clang 0.3.1 31.94 OK
r-devel-linux-x86_64-fedora-gcc 0.3.1 32.53 OK
r-devel-windows-x86_64 0.3.1 3.00 46.00 49.00 OK
r-patched-linux-x86_64 0.3.1 1.46 18.14 19.60 OK
r-release-linux-x86_64 OK
r-release-macos-arm64 0.3.1 14.00 OK
r-release-macos-x86_64 0.3.1 29.00 OK
r-release-windows-x86_64 0.3.1 3.00 46.00 49.00 OK
r-oldrel-macos-arm64 0.3.1 20.00 OK
r-oldrel-macos-x86_64 0.3.1 21.00 OK
r-oldrel-windows-x86_64 0.3.1 4.00 49.00 53.00 OK

Check Details

Version: 0.3.1
Check: CRAN incoming feasibility
Result: NOTE Maintainer: ‘David Valentim Dias <dvdscripter@gmail.com>’ No Authors@R field in DESCRIPTION. Please add one, modifying Authors@R: person(given = c("David", "Valentim"), family = "Dias", role = c("aut", "cre"), email = "dvdscripter@gmail.com") as necessary. Flavors: r-devel-linux-x86_64-debian-clang, r-devel-linux-x86_64-debian-gcc