CRAN Package Check Results for Package insuranceData

Last updated on 2025-05-03 21:51:21 CEST.

Flavor Version Tinstall Tcheck Ttotal Status Flags
r-devel-linux-x86_64-debian-clang 1.0 1.46 16.87 18.33 NOTE
r-devel-linux-x86_64-debian-gcc 1.0 1.12 14.19 15.31 NOTE
r-devel-linux-x86_64-fedora-clang 1.0 27.52 NOTE
r-devel-linux-x86_64-fedora-gcc 1.0 28.70 NOTE
r-devel-windows-x86_64 1.0 2.00 38.00 40.00 NOTE
r-patched-linux-x86_64 1.0 1.63 16.17 17.80 NOTE
r-release-linux-x86_64 NOTE
r-release-macos-arm64 1.0 15.00 NOTE
r-release-macos-x86_64 1.0 27.00 NOTE
r-release-windows-x86_64 1.0 2.00 42.00 44.00 NOTE
r-oldrel-macos-arm64 1.0 13.00 NOTE
r-oldrel-macos-x86_64 1.0 26.00 NOTE
r-oldrel-windows-x86_64 1.0 2.00 38.00 40.00 NOTE

Check Details

Version: 1.0
Check: CRAN incoming feasibility
Result: NOTE Maintainer: ‘Alicja Wolny--Dominiak <alicja.wolny-dominiak@ue.katowice.pl>’ No Authors@R field in DESCRIPTION. Please add one, modifying Authors@R: c(person(given = "Alicja", family = "Wolny--Dominiak", role = c("aut", "cre"), email = "alicja.wolny-dominiak@ue.katowice.pl"), person(given = "Michal", family = "Trzesiok", role = "aut")) as necessary. Flavors: r-devel-linux-x86_64-debian-clang, r-devel-linux-x86_64-debian-gcc

Version: 1.0
Check: DESCRIPTION meta-information
Result: NOTE Malformed Title field: should not end in a period. Flavors: r-devel-linux-x86_64-debian-clang, r-devel-linux-x86_64-debian-gcc, r-devel-linux-x86_64-fedora-clang, r-devel-linux-x86_64-fedora-gcc, r-devel-windows-x86_64, r-patched-linux-x86_64, r-release-linux-x86_64, r-release-macos-arm64, r-release-macos-x86_64, r-release-windows-x86_64, r-oldrel-macos-arm64, r-oldrel-macos-x86_64, r-oldrel-windows-x86_64