Last updated on 2025-07-23 06:50:58 CEST.
Flavor | Version | Tinstall | Tcheck | Ttotal | Status | Flags |
---|---|---|---|---|---|---|
r-devel-linux-x86_64-debian-clang | 0.7.5 | 15.62 | 144.41 | 160.03 | NOTE | |
r-devel-linux-x86_64-debian-gcc | 0.7.5 | 10.71 | 101.33 | 112.04 | NOTE | |
r-devel-linux-x86_64-fedora-clang | 0.7.5 | 248.28 | NOTE | |||
r-devel-linux-x86_64-fedora-gcc | 0.7.5 | 236.56 | NOTE | |||
r-devel-windows-x86_64 | 0.7.5 | 18.00 | 143.00 | 161.00 | NOTE | |
r-patched-linux-x86_64 | 0.7.5 | 15.67 | 133.22 | 148.89 | NOTE | |
r-release-linux-x86_64 | 0.7.5 | 15.13 | 133.61 | 148.74 | NOTE | |
r-release-macos-arm64 | 0.7.5 | 70.00 | NOTE | |||
r-release-macos-x86_64 | 0.7.5 | 149.00 | OK | |||
r-release-windows-x86_64 | 0.7.5 | 19.00 | 146.00 | 165.00 | NOTE | |
r-oldrel-macos-arm64 | 0.7.5 | 64.00 | OK | |||
r-oldrel-macos-x86_64 | 0.7.5 | 124.00 | OK | |||
r-oldrel-windows-x86_64 | 0.7.5 | 25.00 | 183.00 | 208.00 | OK |
Version: 0.7.5
Check: DESCRIPTION meta-information
Result: NOTE
Missing dependency on R >= 4.1.0 because package code uses the pipe
|> or function shorthand \(...) syntax added in R 4.1.0.
File(s) using such syntax:
‘autoplot.restricted.Rd’ ‘autoplot.riskfactor.Rd’ ‘rating_factors.Rd’
Flavors: r-devel-linux-x86_64-debian-clang, r-devel-linux-x86_64-debian-gcc, r-devel-linux-x86_64-fedora-clang, r-devel-linux-x86_64-fedora-gcc, r-devel-windows-x86_64, r-patched-linux-x86_64, r-release-linux-x86_64, r-release-macos-arm64, r-release-windows-x86_64