Last updated on 2025-05-03 12:54:44 CEST.
Flavor | Version | Tinstall | Tcheck | Ttotal | Status | Flags |
---|---|---|---|---|---|---|
r-devel-linux-x86_64-debian-clang | 0.1.3 | 46.85 | 33.97 | 80.82 | NOTE | |
r-devel-linux-x86_64-debian-gcc | 0.1.3 | 34.29 | 30.36 | 64.65 | NOTE | |
r-devel-linux-x86_64-fedora-clang | 0.1.3 | 133.90 | NOTE | |||
r-devel-linux-x86_64-fedora-gcc | 0.1.3 | 175.02 | NOTE | |||
r-devel-windows-x86_64 | 0.1.3 | 47.00 | 88.00 | 135.00 | NOTE | |
r-patched-linux-x86_64 | 0.1.3 | 46.15 | 37.85 | 84.00 | NOTE | |
r-release-linux-x86_64 | NOTE | |||||
r-release-macos-arm64 | 0.1.3 | 46.00 | NOTE | |||
r-release-macos-x86_64 | 0.1.3 | 95.00 | NOTE | |||
r-release-windows-x86_64 | 0.1.3 | 48.00 | 86.00 | 134.00 | NOTE | |
r-oldrel-macos-arm64 | 0.1.3 | 44.00 | NOTE | |||
r-oldrel-macos-x86_64 | 0.1.3 | 112.00 | NOTE | |||
r-oldrel-windows-x86_64 | 0.1.3 | 56.00 | 103.00 | 159.00 | NOTE |
Version: 0.1.3
Check: CRAN incoming feasibility
Result: NOTE
Maintainer: ‘Yuan Wu <yuan.wu@duke.edu>’
No Authors@R field in DESCRIPTION.
Please add one, modifying
Authors@R: c(person(given = "Jiaxing",
family = "Lin",
role = "aut"),
person(given = "Yuan",
family = "Wu",
role = c("aut", "cre"),
email = "yuan.wu@duke.edu"),
person(given = "Xiaofei",
family = "Wang",
role = "aut"),
person(given = "Kouros",
family = "Owzar.",
role = "aut"))
as necessary.
Flavors: r-devel-linux-x86_64-debian-clang, r-devel-linux-x86_64-debian-gcc
Version: 0.1.3
Check: C++ specification
Result: NOTE
Specified C++11: please drop specification unless essential
Flavors: r-devel-linux-x86_64-debian-clang, r-devel-linux-x86_64-debian-gcc, r-devel-linux-x86_64-fedora-clang, r-devel-linux-x86_64-fedora-gcc, r-devel-windows-x86_64, r-patched-linux-x86_64, r-release-linux-x86_64, r-release-macos-arm64, r-release-macos-x86_64, r-release-windows-x86_64, r-oldrel-macos-arm64, r-oldrel-macos-x86_64, r-oldrel-windows-x86_64
Version: 0.1.3
Check: installed package size
Result: NOTE
installed size is 17.5Mb
sub-directories of 1Mb or more:
libs 17.3Mb
Flavors: r-oldrel-macos-arm64, r-oldrel-macos-x86_64